CRAN Package Check Results for Package metagam

Last updated on 2021-04-15 09:50:05 CEST.

Flavor Version Tinstall Tcheck Ttotal Status Flags
r-devel-linux-x86_64-debian-clang 0.2.0 7.65 192.67 200.32 NOTE
r-devel-linux-x86_64-debian-gcc 0.2.0 5.94 144.32 150.26 NOTE
r-devel-linux-x86_64-fedora-clang 0.2.0 237.28 NOTE
r-devel-linux-x86_64-fedora-gcc 0.2.0 235.77 NOTE
r-devel-windows-ix86+x86_64 0.2.0 20.00 4.00 24.00 ERROR
r-devel-windows-x86_64-gcc10-UCRT 0.2.0 NOTE
r-patched-linux-x86_64 0.2.0 7.59 185.00 192.59 OK
r-patched-solaris-x86 0.2.0 335.70 OK
r-release-linux-x86_64 0.2.0 6.89 182.88 189.77 OK
r-release-macos-x86_64 0.2.0 OK
r-release-windows-ix86+x86_64 0.2.0 36.00 236.00 272.00 OK
r-oldrel-macos-x86_64 0.2.0 OK
r-oldrel-windows-ix86+x86_64 0.2.0 12.00 152.00 164.00 OK

Check Details

Version: 0.2.0
Check: LazyData
Result: NOTE
     'LazyData' is specified without a 'data' directory
Flavors: r-devel-linux-x86_64-debian-clang, r-devel-linux-x86_64-debian-gcc, r-devel-linux-x86_64-fedora-clang, r-devel-linux-x86_64-fedora-gcc, r-devel-windows-x86_64-gcc10-UCRT

Version: 0.2.0
Check: whether package can be installed
Result: ERROR
    
    See * DONE
Flavor: r-devel-windows-ix86+x86_64