CRAN Package Check Results for Package metafuse

Last updated on 2021-04-15 09:50:05 CEST.

Flavor Version Tinstall Tcheck Ttotal Status Flags
r-devel-linux-x86_64-debian-clang 2.0-1 8.03 71.10 79.13 OK
r-devel-linux-x86_64-debian-gcc 2.0-1 6.63 54.51 61.14 OK
r-devel-linux-x86_64-fedora-clang 2.0-1 105.92 OK
r-devel-linux-x86_64-fedora-gcc 2.0-1 94.41 OK
r-devel-windows-ix86+x86_64 2.0-1 17.00 4.00 21.00 ERROR
r-devel-windows-x86_64-gcc10-UCRT 2.0-1 OK
r-patched-linux-x86_64 2.0-1 7.51 66.15 73.66 OK
r-patched-solaris-x86 2.0-1 145.40 OK
r-release-linux-x86_64 2.0-1 6.61 66.13 72.74 OK
r-release-macos-x86_64 2.0-1 OK
r-release-windows-ix86+x86_64 2.0-1 18.00 88.00 106.00 OK
r-oldrel-macos-x86_64 2.0-1 OK
r-oldrel-windows-ix86+x86_64 2.0-1 15.00 61.00 76.00 OK

Check Details

Version: 2.0-1
Check: whether package can be installed
Result: ERROR
    Installation failed.
    See * DONE
Flavor: r-devel-windows-ix86+x86_64