CRAN Package Check Results for Package metRology

Last updated on 2021-04-15 09:50:05 CEST.

Flavor Version Tinstall Tcheck Ttotal Status Flags
r-devel-linux-x86_64-debian-clang 0.9-28-1 12.38 72.50 84.88 OK
r-devel-linux-x86_64-debian-gcc 0.9-28-1 9.60 54.95 64.55 OK
r-devel-linux-x86_64-fedora-clang 0.9-28-1 109.95 OK
r-devel-linux-x86_64-fedora-gcc 0.9-28-1 98.92 OK
r-devel-windows-ix86+x86_64 0.9-28-1 22.00 4.00 26.00 ERROR
r-devel-windows-x86_64-gcc10-UCRT 0.9-28-1 OK
r-patched-linux-x86_64 0.9-28-1 9.84 67.29 77.13 OK
r-patched-solaris-x86 0.9-28-1 126.60 OK
r-release-linux-x86_64 0.9-28-1 11.12 67.92 79.04 OK
r-release-macos-x86_64 0.9-28-1 OK
r-release-windows-ix86+x86_64 0.9-28-1 15.00 90.00 105.00 OK
r-oldrel-macos-x86_64 0.9-28-1 OK
r-oldrel-windows-ix86+x86_64 0.9-28-1 16.00 61.00 77.00 OK

Check Details

Version: 0.9-28-1
Check: whether package can be installed
Result: ERROR
    Installation failed.
Flavor: r-devel-windows-ix86+x86_64