CRAN Package Check Results for Package merDeriv

Last updated on 2021-04-15 09:50:05 CEST.

Flavor Version Tinstall Tcheck Ttotal Status Flags
r-devel-linux-x86_64-debian-clang 0.2-3 10.63 208.59 219.22 NOTE
r-devel-linux-x86_64-debian-gcc 0.2-3 8.70 156.63 165.33 NOTE
r-devel-linux-x86_64-fedora-clang 0.2-3 268.47 NOTE
r-devel-linux-x86_64-fedora-gcc 0.2-3 262.34 NOTE
r-devel-windows-ix86+x86_64 0.2-3 24.00 4.00 28.00 ERROR
r-devel-windows-x86_64-gcc10-UCRT 0.2-3 NOTE
r-patched-linux-x86_64 0.2-3 9.27 203.89 213.16 OK
r-patched-solaris-x86 0.2-3 455.20 OK
r-release-linux-x86_64 0.2-3 9.65 202.98 212.63 OK
r-release-macos-x86_64 0.2-3 OK
r-release-windows-ix86+x86_64 0.2-3 22.00 290.00 312.00 OK
r-oldrel-macos-x86_64 0.2-3 OK
r-oldrel-windows-ix86+x86_64 0.2-3 21.00 208.00 229.00 OK

Check Details

Version: 0.2-3
Check: LazyData
Result: NOTE
     'LazyData' is specified without a 'data' directory
Flavors: r-devel-linux-x86_64-debian-clang, r-devel-linux-x86_64-debian-gcc, r-devel-linux-x86_64-fedora-clang, r-devel-linux-x86_64-fedora-gcc, r-devel-windows-x86_64-gcc10-UCRT

Version: 0.2-3
Check: whether package can be installed
Result: ERROR
    Installation failed.
Flavor: r-devel-windows-ix86+x86_64