CRAN Package Check Results for Package memisc

Last updated on 2021-04-15 09:50:05 CEST.

Flavor Version Tinstall Tcheck Ttotal Status Flags
r-devel-linux-x86_64-debian-clang 0.99.27.3 37.12 174.64 211.76 OK
r-devel-linux-x86_64-debian-gcc 0.99.27.3 29.63 126.23 155.86 OK
r-devel-linux-x86_64-fedora-clang 0.99.27.3 271.95 NOTE
r-devel-linux-x86_64-fedora-gcc 0.99.27.3 262.17 OK
r-devel-windows-ix86+x86_64 0.99.27.3 71.00 5.00 76.00 ERROR
r-devel-windows-x86_64-gcc10-UCRT 0.99.27.3 OK
r-patched-linux-x86_64 0.99.27.3 36.93 156.71 193.64 OK
r-patched-solaris-x86 0.99.27.3 288.80 NOTE
r-release-linux-x86_64 0.99.27.3 31.08 157.39 188.47 OK
r-release-macos-x86_64 0.99.27.3 NOTE
r-release-windows-ix86+x86_64 0.99.27.3 71.00 240.00 311.00 NOTE
r-oldrel-macos-x86_64 0.99.27.3 NOTE
r-oldrel-windows-ix86+x86_64 0.99.27.3 66.00 164.00 230.00 NOTE

Check Details

Version: 0.99.27.3
Check: installed package size
Result: NOTE
     installed size is 5.4Mb
     sub-directories of 1Mb or more:
     R 1.3Mb
     doc 3.1Mb
Flavors: r-devel-linux-x86_64-fedora-clang, r-patched-solaris-x86, r-release-macos-x86_64, r-release-windows-ix86+x86_64, r-oldrel-macos-x86_64, r-oldrel-windows-ix86+x86_64

Version: 0.99.27.3
Check: whether package can be installed
Result: ERROR
    Installation failed.
    See for details.
    *
Flavor: r-devel-windows-ix86+x86_64