CRAN Package Check Results for Package mdw

Last updated on 2021-04-15 09:50:05 CEST.

Flavor Version Tinstall Tcheck Ttotal Status Flags
r-devel-linux-x86_64-debian-clang 2020.6-17 7.61 69.74 77.35 NOTE
r-devel-linux-x86_64-debian-gcc 2020.6-17 6.25 53.64 59.89 NOTE
r-devel-linux-x86_64-fedora-clang 2020.6-17 101.50 NOTE
r-devel-linux-x86_64-fedora-gcc 2020.6-17 91.10 NOTE
r-devel-windows-ix86+x86_64 2020.6-17 17.00 8.00 25.00 ERROR
r-devel-windows-x86_64-gcc10-UCRT 2020.6-17 NOTE
r-patched-linux-x86_64 2020.6-17 7.51 65.14 72.65 OK
r-patched-solaris-x86 2020.6-17 137.10 NOTE
r-release-linux-x86_64 2020.6-17 7.60 64.91 72.51 OK
r-release-macos-x86_64 2020.6-17 OK
r-release-windows-ix86+x86_64 2020.6-17 15.00 90.00 105.00 OK
r-oldrel-macos-x86_64 2020.6-17 OK
r-oldrel-windows-ix86+x86_64 2020.6-17 14.00 59.00 73.00 OK

Check Details

Version: 2020.6-17
Check: LazyData
Result: NOTE
     'LazyData' is specified without a 'data' directory
Flavors: r-devel-linux-x86_64-debian-clang, r-devel-linux-x86_64-debian-gcc, r-devel-linux-x86_64-fedora-clang, r-devel-linux-x86_64-fedora-gcc, r-devel-windows-x86_64-gcc10-UCRT

Version: 2020.6-17
Check: whether package can be installed
Result: ERROR
    Installation failed.
Flavor: r-devel-windows-ix86+x86_64

Version: 2020.6-17
Check: package dependencies
Result: NOTE
    Package suggested but not available for checking: ‘Rmosek’
Flavor: r-patched-solaris-x86