CRAN Package Check Results for Package mdsr

Last updated on 2020-02-21 17:47:51 CET.

Flavor Version Tinstall Tcheck Ttotal Status Flags
r-devel-linux-x86_64-debian-clang 0.1.7 18.59 110.22 128.81 OK
r-devel-linux-x86_64-debian-gcc 0.1.7 16.89 86.25 103.14 OK
r-devel-linux-x86_64-fedora-clang 0.1.7 160.20 NOTE
r-devel-linux-x86_64-fedora-gcc 0.1.7 158.82 NOTE
r-devel-windows-ix86+x86_64 0.1.7 40.00 126.00 166.00 NOTE
r-devel-windows-ix86+x86_64-gcc8 0.1.7 57.00 173.00 230.00 NOTE
r-patched-linux-x86_64 0.1.7 17.76 98.12 115.88 OK
r-patched-solaris-x86 0.1.7 230.70 NOTE
r-release-linux-x86_64 0.1.7 18.03 97.04 115.07 OK
r-release-windows-ix86+x86_64 0.1.7 35.00 122.00 157.00 NOTE
r-release-osx-x86_64 0.1.7 NOTE
r-oldrel-windows-ix86+x86_64 0.1.7 26.00 102.00 128.00 NOTE
r-oldrel-osx-x86_64 0.1.7 NOTE

Check Details

Version: 0.1.7
Check: installed package size
Result: NOTE
     installed size is 5.5Mb
     sub-directories of 1Mb or more:
     data 5.4Mb
Flavors: r-devel-linux-x86_64-fedora-clang, r-devel-windows-ix86+x86_64, r-devel-windows-ix86+x86_64-gcc8, r-patched-solaris-x86, r-release-windows-ix86+x86_64, r-release-osx-x86_64, r-oldrel-windows-ix86+x86_64, r-oldrel-osx-x86_64

Version: 0.1.7
Check: data for non-ASCII characters
Result: NOTE
     Note: found 2694 marked UTF-8 strings
Flavors: r-devel-linux-x86_64-fedora-clang, r-devel-linux-x86_64-fedora-gcc, r-patched-solaris-x86, r-release-osx-x86_64, r-oldrel-osx-x86_64