CRAN Package Check Results for Package mdgc

Last updated on 2021-06-16 09:53:28 CEST.

Flavor Version Tinstall Tcheck Ttotal Status Flags
r-devel-linux-x86_64-debian-clang 0.1.5 157.90 92.28 250.18 OK
r-devel-linux-x86_64-debian-gcc 0.1.5 102.74 64.56 167.30 OK
r-devel-linux-x86_64-fedora-clang 0.1.5 356.70 NOTE
r-devel-linux-x86_64-fedora-gcc 0.1.5 271.62 OK
r-devel-windows-x86_64 0.1.5 173.00 130.00 303.00 OK
r-devel-windows-x86_64-gcc10-UCRT 0.1.4 NOTE
r-patched-linux-x86_64 0.1.4 117.67 143.85 261.52 NOTE
r-patched-solaris-x86 0.1.5 173.90 OK
r-release-linux-x86_64 0.1.4 122.26 144.13 266.39 NOTE
r-release-macos-arm64 0.1.4 NOTE
r-release-macos-x86_64 0.1.4 NOTE
r-release-windows-ix86+x86_64 0.1.4 338.00 332.00 670.00 NOTE
r-oldrel-macos-x86_64 0.1.4 NOTE
r-oldrel-windows-ix86+x86_64 0.1.5 318.00 187.00 505.00 OK

Check Details

Version: 0.1.5
Check: installed package size
Result: NOTE
     installed size is 10.7Mb
     sub-directories of 1Mb or more:
     libs 10.2Mb
Flavor: r-devel-linux-x86_64-fedora-clang

Version: 0.1.4
Check: LazyData
Result: NOTE
     'LazyData' is specified without a 'data' directory
Flavors: r-devel-windows-x86_64-gcc10-UCRT, r-patched-linux-x86_64, r-release-linux-x86_64, r-release-macos-arm64, r-release-macos-x86_64, r-release-windows-ix86+x86_64

Version: 0.1.4
Check: installed package size
Result: NOTE
     installed size is 13.8Mb
     sub-directories of 1Mb or more:
     libs 13.4Mb
Flavors: r-release-macos-arm64, r-release-macos-x86_64, r-oldrel-macos-x86_64