CRAN Package Check Results for Package mcunit

Last updated on 2021-04-15 09:50:05 CEST.

Flavor Version Tinstall Tcheck Ttotal Status Flags
r-devel-linux-x86_64-debian-clang 0.3.2 2.22 82.88 85.10 OK
r-devel-linux-x86_64-debian-gcc 0.3.2 2.03 59.32 61.35 OK
r-devel-linux-x86_64-fedora-clang 0.3.2 107.33 OK
r-devel-linux-x86_64-fedora-gcc 0.3.2 99.22 OK
r-devel-windows-ix86+x86_64 0.3.2 6.00 4.00 10.00 ERROR
r-devel-windows-x86_64-gcc10-UCRT 0.3.2 OK
r-patched-linux-x86_64 0.3.2 2.59 86.41 89.00 OK
r-patched-solaris-x86 0.3.2 144.90 OK
r-release-linux-x86_64 0.3.2 2.49 87.35 89.84 OK
r-release-macos-x86_64 0.3.2 OK
r-release-windows-ix86+x86_64 0.3.2 7.00 113.00 120.00 OK
r-oldrel-macos-x86_64 0.3.2 OK
r-oldrel-windows-ix86+x86_64 0.3.2 5.00 107.00 112.00 OK

Check Details

Version: 0.3.2
Check: whether package can be installed
Result: ERROR
    Installation failed.
Flavor: r-devel-windows-ix86+x86_64