CRAN Package Check Results for Package mcp

Last updated on 2020-03-30 20:48:33 CEST.

Flavor Version Tinstall Tcheck Ttotal Status Flags
r-devel-linux-x86_64-debian-clang 0.2.0 7.97 177.17 185.14 OK
r-devel-linux-x86_64-debian-gcc 0.2.0 7.48 128.34 135.82 OK
r-devel-linux-x86_64-fedora-clang 0.2.0 196.94 ERROR
r-devel-linux-x86_64-fedora-gcc 0.2.0 208.32 ERROR
r-devel-windows-ix86+x86_64 0.2.0 23.00 161.00 184.00 OK
r-devel-windows-ix86+x86_64-gcc8 0.2.0 17.00 170.00 187.00 OK
r-patched-linux-x86_64 0.2.0 8.93 169.10 178.03 OK
r-patched-solaris-x86 0.2.0 268.60 ERROR
r-release-linux-x86_64 0.2.0 7.51 145.30 152.81 OK
r-release-windows-ix86+x86_64 0.2.0 28.00 238.00 266.00 OK
r-release-osx-x86_64 0.2.0 NOTE
r-oldrel-windows-ix86+x86_64 0.2.0 20.00 239.00 259.00 OK
r-oldrel-osx-x86_64 0.2.0 NOTE

Check Details

Version: 0.2.0
Check: dependencies in R code
Result: NOTE
    Namespaces in Imports field not imported from:
     ‘bayesplot’ ‘methods’ ‘purrr’
     All declared Imports should be used.
Flavors: r-devel-linux-x86_64-fedora-clang, r-devel-linux-x86_64-fedora-gcc, r-patched-solaris-x86, r-release-osx-x86_64, r-oldrel-osx-x86_64

Version: 0.2.0
Check: tests
Result: ERROR
     Running ‘testthat.R’ [98s/108s]
    Running the tests in ‘tests/testthat.R’ failed.
    Complete output:
     > library(testthat)
     > library(mcp)
     >
     > test_check("mcp")
     ── 1. Failure: Good priors: int_1, dnorm(3, 10), -0.5 (@test-runs.R#335) ──────
     any(stringr::str_starts(attr(gg, "condition")$message, expected_error)) isn't true.
    
     ── 2. Failure: Good priors: int_1, dnorm(3, 10), -0.5 (@test-runs.R#335) ──────
     any(stringr::str_starts(attr(gg, "condition")$message, expected_error)) isn't true.
    
     ── 3. Failure: Good priors: dunif(-100, -90), dnorm(100, 20) T(100, 110) (@test-
     any(stringr::str_starts(attr(gg, "condition")$message, expected_error)) isn't true.
    
     ── 4. Failure: Good priors: dunif(-100, -90), dnorm(100, 20) T(100, 110) (@test-
     any(stringr::str_starts(attr(gg, "condition")$message, expected_error)) isn't true.
    
     ── 5. Failure: Good priors: dirichlet(1), dirichlet(1) (@test-runs.R#335) ─────
     any(stringr::str_starts(attr(gg, "condition")$message, expected_error)) isn't true.
    
     ── 6. Failure: Good priors: dirichlet(1), dirichlet(1) (@test-runs.R#335) ─────
     any(stringr::str_starts(attr(gg, "condition")$message, expected_error)) isn't true.
    
     ── 7. Failure: Good priors: dirichlet(3), dirichlet(2) (@test-runs.R#335) ─────
     any(stringr::str_starts(attr(gg, "condition")$message, expected_error)) isn't true.
    
     ── 8. Failure: Good priors: dirichlet(3), dirichlet(2) (@test-runs.R#335) ─────
     any(stringr::str_starts(attr(gg, "condition")$message, expected_error)) isn't true.
    
     ── 9. Failure: Good y:
     y ~ 1, y ~ 1 ~ 1, rel(1) + (1 | id) ~ rel(1) + x, ~1
     any(stringr::str_starts(attr(gg, "condition")$message, expected_error)) isn't true.
    
     ── 10. Failure: Good y:
     y ~ 1, y ~ 1 ~ 1, rel(1) + (1 | id) ~ rel(1) + x, ~1
     any(stringr::str_starts(attr(gg, "condition")$message, expected_error)) isn't true.
    
     ── 11. Failure: Good change points:
     y ~ 0, 1 + (1 | id) ~ 1 (@test-runs.R#27
     any(stringr::str_starts(attr(gg, "condition")$message, expected_error)) isn't true.
    
     ── 12. Failure: Good change points:
     y ~ 0, 1 + (1 | id) ~ 1 (@test-runs.R#27
     any(stringr::str_starts(attr(gg, "condition")$message, expected_error)) isn't true.
    
     ── 13. Failure: Good change points:
     y ~ 0, y ~ 1 ~ 1, rel(1) + (1 | id) ~ 0,
     any(stringr::str_starts(attr(gg, "condition")$message, expected_error)) isn't true.
    
     ── 14. Failure: Good change points:
     y ~ 0, y ~ 1 ~ 1, rel(1) + (1 | id) ~ 0,
     any(stringr::str_starts(attr(gg, "condition")$message, expected_error)) isn't true.
    
     ── 15. Failure: Good change points:
     y ~ 1, (1 | id) ~ 0 (@test-runs.R#277)
     any(stringr::str_starts(attr(gg, "condition")$message, expected_error)) isn't true.
    
     ── 16. Failure: Good change points:
     y ~ 1, (1 | id) ~ 0 (@test-runs.R#277)
     any(stringr::str_starts(attr(gg, "condition")$message, expected_error)) isn't true.
    
     ── 17. Failure: Good change points:
     y ~ 1, 1 + (1 | id) ~ 1, 1 + (1 | ok_id_
     any(stringr::str_starts(attr(gg, "condition")$message, expected_error)) isn't true.
    
     ── 18. Failure: Good change points:
     y ~ 1, 1 + (1 | id) ~ 1, 1 + (1 | ok_id_
     any(stringr::str_starts(attr(gg, "condition")$message, expected_error)) isn't true.
    
     ── 19. Failure: Good variance:
     y ~ 1, 1 + (1 | id) ~ rel(1) + I(x^2) + sigma
     any(stringr::str_starts(attr(gg, "condition")$message, expected_error)) isn't true.
    
     ── 20. Failure: Good variance:
     y ~ 1, 1 + (1 | id) ~ rel(1) + I(x^2) + sigma
     any(stringr::str_starts(attr(gg, "condition")$message, expected_error)) isn't true.
    
     ── 21. Failure: Good ARMA:
     y ~ 1, 1 + (1 | id) ~ rel(1) + I(x^2) + ar(2, rel
     any(stringr::str_starts(attr(gg, "condition")$message, expected_error)) isn't true.
    
     ── 22. Failure: Good ARMA:
     y ~ 1, 1 + (1 | id) ~ rel(1) + I(x^2) + ar(2, rel
     any(stringr::str_starts(attr(gg, "condition")$message, expected_error)) isn't true.
    
     ── 23. Failure: Good binomial:
     y | trials(N) ~ 1, 1 + (1 | id) ~ 1 (@test-ru
     any(stringr::str_starts(attr(gg, "condition")$message, expected_error)) isn't true.
    
     ── 24. Failure: Good binomial:
     y | trials(N) ~ 1, 1 + (1 | id) ~ 1 (@test-ru
     any(stringr::str_starts(attr(gg, "condition")$message, expected_error)) isn't true.
    
     ── 25. Failure: Good Bernoulli:
     y_bern ~ 1, 1 + (1 | id) ~ 1 (@test-runs.R#2
     any(stringr::str_starts(attr(gg, "condition")$message, expected_error)) isn't true.
    
     ── 26. Failure: Good Bernoulli:
     y_bern ~ 1, 1 + (1 | id) ~ 1 (@test-runs.R#2
     any(stringr::str_starts(attr(gg, "condition")$message, expected_error)) isn't true.
    
     ── 27. Failure: Good Poisson:
     y ~ 1, 1 + (1 | id) ~ 1 (@test-runs.R#277) ──
     any(stringr::str_starts(attr(gg, "condition")$message, expected_error)) isn't true.
    
     ── 28. Failure: Good Poisson:
     y ~ 1, 1 + (1 | id) ~ 1 (@test-runs.R#277) ──
     any(stringr::str_starts(attr(gg, "condition")$message, expected_error)) isn't true.
    
     ══ testthat results ═══════════════════════════════════════════════════════════
     [ OK: 1696 | SKIPPED: 1 | WARNINGS: 0 | FAILED: 28 ]
     1. Failure: Good priors: int_1, dnorm(3, 10), -0.5 (@test-runs.R#335)
     2. Failure: Good priors: int_1, dnorm(3, 10), -0.5 (@test-runs.R#335)
     3. Failure: Good priors: dunif(-100, -90), dnorm(100, 20) T(100, 110) (@test-runs.R#335)
     4. Failure: Good priors: dunif(-100, -90), dnorm(100, 20) T(100, 110) (@test-runs.R#335)
     5. Failure: Good priors: dirichlet(1), dirichlet(1) (@test-runs.R#335)
     6. Failure: Good priors: dirichlet(1), dirichlet(1) (@test-runs.R#335)
     7. Failure: Good priors: dirichlet(3), dirichlet(2) (@test-runs.R#335)
     8. Failure: Good priors: dirichlet(3), dirichlet(2) (@test-runs.R#335)
     9. Failure: Good y:
     y ~ 1, y ~ 1 ~ 1, rel(1) + (1 | id) ~ rel(1) + x, ~1 (@test-runs.R#277)
     1. ...
    
     Error: testthat unit tests failed
     Execution halted
Flavor: r-devel-linux-x86_64-fedora-clang

Version: 0.2.0
Check: tests
Result: ERROR
     Running ‘testthat.R’ [107s/251s]
    Running the tests in ‘tests/testthat.R’ failed.
    Complete output:
     > library(testthat)
     > library(mcp)
     >
     > test_check("mcp")
     ── 1. Failure: Good priors: int_1, dnorm(3, 10), -0.5 (@test-runs.R#335) ──────
     any(stringr::str_starts(attr(gg, "condition")$message, expected_error)) isn't true.
    
     ── 2. Failure: Good priors: int_1, dnorm(3, 10), -0.5 (@test-runs.R#335) ──────
     any(stringr::str_starts(attr(gg, "condition")$message, expected_error)) isn't true.
    
     ── 3. Failure: Good priors: dunif(-100, -90), dnorm(100, 20) T(100, 110) (@test-
     any(stringr::str_starts(attr(gg, "condition")$message, expected_error)) isn't true.
    
     ── 4. Failure: Good priors: dunif(-100, -90), dnorm(100, 20) T(100, 110) (@test-
     any(stringr::str_starts(attr(gg, "condition")$message, expected_error)) isn't true.
    
     ── 5. Failure: Good priors: dirichlet(1), dirichlet(1) (@test-runs.R#335) ─────
     any(stringr::str_starts(attr(gg, "condition")$message, expected_error)) isn't true.
    
     ── 6. Failure: Good priors: dirichlet(1), dirichlet(1) (@test-runs.R#335) ─────
     any(stringr::str_starts(attr(gg, "condition")$message, expected_error)) isn't true.
    
     ── 7. Failure: Good priors: dirichlet(3), dirichlet(2) (@test-runs.R#335) ─────
     any(stringr::str_starts(attr(gg, "condition")$message, expected_error)) isn't true.
    
     ── 8. Failure: Good priors: dirichlet(3), dirichlet(2) (@test-runs.R#335) ─────
     any(stringr::str_starts(attr(gg, "condition")$message, expected_error)) isn't true.
    
     ── 9. Failure: Good y:
     y ~ 1, y ~ 1 ~ 1, rel(1) + (1 | id) ~ rel(1) + x, ~1
     any(stringr::str_starts(attr(gg, "condition")$message, expected_error)) isn't true.
    
     ── 10. Failure: Good y:
     y ~ 1, y ~ 1 ~ 1, rel(1) + (1 | id) ~ rel(1) + x, ~1
     any(stringr::str_starts(attr(gg, "condition")$message, expected_error)) isn't true.
    
     ── 11. Failure: Good change points:
     y ~ 0, 1 + (1 | id) ~ 1 (@test-runs.R#27
     any(stringr::str_starts(attr(gg, "condition")$message, expected_error)) isn't true.
    
     ── 12. Failure: Good change points:
     y ~ 0, 1 + (1 | id) ~ 1 (@test-runs.R#27
     any(stringr::str_starts(attr(gg, "condition")$message, expected_error)) isn't true.
    
     ── 13. Failure: Good change points:
     y ~ 0, y ~ 1 ~ 1, rel(1) + (1 | id) ~ 0,
     any(stringr::str_starts(attr(gg, "condition")$message, expected_error)) isn't true.
    
     ── 14. Failure: Good change points:
     y ~ 0, y ~ 1 ~ 1, rel(1) + (1 | id) ~ 0,
     any(stringr::str_starts(attr(gg, "condition")$message, expected_error)) isn't true.
    
     ── 15. Failure: Good change points:
     y ~ 1, (1 | id) ~ 0 (@test-runs.R#277)
     any(stringr::str_starts(attr(gg, "condition")$message, expected_error)) isn't true.
    
     ── 16. Failure: Good change points:
     y ~ 1, (1 | id) ~ 0 (@test-runs.R#277)
     any(stringr::str_starts(attr(gg, "condition")$message, expected_error)) isn't true.
    
     ── 17. Failure: Good change points:
     y ~ 1, 1 + (1 | id) ~ 1, 1 + (1 | ok_id_
     any(stringr::str_starts(attr(gg, "condition")$message, expected_error)) isn't true.
    
     ── 18. Failure: Good change points:
     y ~ 1, 1 + (1 | id) ~ 1, 1 + (1 | ok_id_
     any(stringr::str_starts(attr(gg, "condition")$message, expected_error)) isn't true.
    
     ── 19. Failure: Good variance:
     y ~ 1, 1 + (1 | id) ~ rel(1) + I(x^2) + sigma
     any(stringr::str_starts(attr(gg, "condition")$message, expected_error)) isn't true.
    
     ── 20. Failure: Good variance:
     y ~ 1, 1 + (1 | id) ~ rel(1) + I(x^2) + sigma
     any(stringr::str_starts(attr(gg, "condition")$message, expected_error)) isn't true.
    
     ── 21. Failure: Good ARMA:
     y ~ 1, 1 + (1 | id) ~ rel(1) + I(x^2) + ar(2, rel
     any(stringr::str_starts(attr(gg, "condition")$message, expected_error)) isn't true.
    
     ── 22. Failure: Good ARMA:
     y ~ 1, 1 + (1 | id) ~ rel(1) + I(x^2) + ar(2, rel
     any(stringr::str_starts(attr(gg, "condition")$message, expected_error)) isn't true.
    
     ── 23. Failure: Good binomial:
     y | trials(N) ~ 1, 1 + (1 | id) ~ 1 (@test-ru
     any(stringr::str_starts(attr(gg, "condition")$message, expected_error)) isn't true.
    
     ── 24. Failure: Good binomial:
     y | trials(N) ~ 1, 1 + (1 | id) ~ 1 (@test-ru
     any(stringr::str_starts(attr(gg, "condition")$message, expected_error)) isn't true.
    
     ── 25. Failure: Good Bernoulli:
     y_bern ~ 1, 1 + (1 | id) ~ 1 (@test-runs.R#2
     any(stringr::str_starts(attr(gg, "condition")$message, expected_error)) isn't true.
    
     ── 26. Failure: Good Bernoulli:
     y_bern ~ 1, 1 + (1 | id) ~ 1 (@test-runs.R#2
     any(stringr::str_starts(attr(gg, "condition")$message, expected_error)) isn't true.
    
     ── 27. Failure: Good Poisson:
     y ~ 1, 1 + (1 | id) ~ 1 (@test-runs.R#277) ──
     any(stringr::str_starts(attr(gg, "condition")$message, expected_error)) isn't true.
    
     ── 28. Failure: Good Poisson:
     y ~ 1, 1 + (1 | id) ~ 1 (@test-runs.R#277) ──
     any(stringr::str_starts(attr(gg, "condition")$message, expected_error)) isn't true.
    
     ══ testthat results ═══════════════════════════════════════════════════════════
     [ OK: 1696 | SKIPPED: 1 | WARNINGS: 0 | FAILED: 28 ]
     1. Failure: Good priors: int_1, dnorm(3, 10), -0.5 (@test-runs.R#335)
     2. Failure: Good priors: int_1, dnorm(3, 10), -0.5 (@test-runs.R#335)
     3. Failure: Good priors: dunif(-100, -90), dnorm(100, 20) T(100, 110) (@test-runs.R#335)
     4. Failure: Good priors: dunif(-100, -90), dnorm(100, 20) T(100, 110) (@test-runs.R#335)
     5. Failure: Good priors: dirichlet(1), dirichlet(1) (@test-runs.R#335)
     6. Failure: Good priors: dirichlet(1), dirichlet(1) (@test-runs.R#335)
     7. Failure: Good priors: dirichlet(3), dirichlet(2) (@test-runs.R#335)
     8. Failure: Good priors: dirichlet(3), dirichlet(2) (@test-runs.R#335)
     9. Failure: Good y:
     y ~ 1, y ~ 1 ~ 1, rel(1) + (1 | id) ~ rel(1) + x, ~1 (@test-runs.R#277)
     1. ...
    
     Error: testthat unit tests failed
     Execution halted
Flavor: r-devel-linux-x86_64-fedora-gcc

Version: 0.2.0
Check: tests
Result: ERROR
     Running ‘testthat.R’ [123s/136s]
    Running the tests in ‘tests/testthat.R’ failed.
    Complete output:
     > library(testthat)
     > library(mcp)
     >
     > test_check("mcp")
     ── 1. Failure: Good priors: int_1, dnorm(3, 10), -0.5 (@test-runs.R#335) ──────
     any(stringr::str_starts(attr(gg, "condition")$message, expected_error)) isn't true.
    
     ── 2. Failure: Good priors: int_1, dnorm(3, 10), -0.5 (@test-runs.R#335) ──────
     any(stringr::str_starts(attr(gg, "condition")$message, expected_error)) isn't true.
    
     ── 3. Failure: Good priors: dunif(-100, -90), dnorm(100, 20) T(100, 110) (@test-
     any(stringr::str_starts(attr(gg, "condition")$message, expected_error)) isn't true.
    
     ── 4. Failure: Good priors: dunif(-100, -90), dnorm(100, 20) T(100, 110) (@test-
     any(stringr::str_starts(attr(gg, "condition")$message, expected_error)) isn't true.
    
     ── 5. Failure: Good priors: dirichlet(1), dirichlet(1) (@test-runs.R#335) ─────
     any(stringr::str_starts(attr(gg, "condition")$message, expected_error)) isn't true.
    
     ── 6. Failure: Good priors: dirichlet(1), dirichlet(1) (@test-runs.R#335) ─────
     any(stringr::str_starts(attr(gg, "condition")$message, expected_error)) isn't true.
    
     ── 7. Failure: Good priors: dirichlet(3), dirichlet(2) (@test-runs.R#335) ─────
     any(stringr::str_starts(attr(gg, "condition")$message, expected_error)) isn't true.
    
     ── 8. Failure: Good priors: dirichlet(3), dirichlet(2) (@test-runs.R#335) ─────
     any(stringr::str_starts(attr(gg, "condition")$message, expected_error)) isn't true.
    
     ── 9. Failure: Good y:
     y ~ 1, y ~ 1 ~ 1, rel(1) + (1 | id) ~ rel(1) + x, ~1
     any(stringr::str_starts(attr(gg, "condition")$message, expected_error)) isn't true.
    
     ── 10. Failure: Good y:
     y ~ 1, y ~ 1 ~ 1, rel(1) + (1 | id) ~ rel(1) + x, ~1
     any(stringr::str_starts(attr(gg, "condition")$message, expected_error)) isn't true.
    
     ── 11. Failure: Good change points:
     y ~ 0, 1 + (1 | id) ~ 1 (@test-runs.R#27
     any(stringr::str_starts(attr(gg, "condition")$message, expected_error)) isn't true.
    
     ── 12. Failure: Good change points:
     y ~ 0, 1 + (1 | id) ~ 1 (@test-runs.R#27
     any(stringr::str_starts(attr(gg, "condition")$message, expected_error)) isn't true.
    
     ── 13. Failure: Good change points:
     y ~ 0, y ~ 1 ~ 1, rel(1) + (1 | id) ~ 0,
     any(stringr::str_starts(attr(gg, "condition")$message, expected_error)) isn't true.
    
     ── 14. Failure: Good change points:
     y ~ 0, y ~ 1 ~ 1, rel(1) + (1 | id) ~ 0,
     any(stringr::str_starts(attr(gg, "condition")$message, expected_error)) isn't true.
    
     ── 15. Failure: Good change points:
     y ~ 1, (1 | id) ~ 0 (@test-runs.R#277)
     any(stringr::str_starts(attr(gg, "condition")$message, expected_error)) isn't true.
    
     ── 16. Failure: Good change points:
     y ~ 1, (1 | id) ~ 0 (@test-runs.R#277)
     any(stringr::str_starts(attr(gg, "condition")$message, expected_error)) isn't true.
    
     ── 17. Failure: Good change points:
     y ~ 1, 1 + (1 | id) ~ 1, 1 + (1 | ok_id_
     any(stringr::str_starts(attr(gg, "condition")$message, expected_error)) isn't true.
    
     ── 18. Failure: Good change points:
     y ~ 1, 1 + (1 | id) ~ 1, 1 + (1 | ok_id_
     any(stringr::str_starts(attr(gg, "condition")$message, expected_error)) isn't true.
    
     ── 19. Failure: Good variance:
     y ~ 1, 1 + (1 | id) ~ rel(1) + I(x^2) + sigma
     any(stringr::str_starts(attr(gg, "condition")$message, expected_error)) isn't true.
    
     ── 20. Failure: Good variance:
     y ~ 1, 1 + (1 | id) ~ rel(1) + I(x^2) + sigma
     any(stringr::str_starts(attr(gg, "condition")$message, expected_error)) isn't true.
    
     ── 21. Failure: Good ARMA:
     y ~ 1, 1 + (1 | id) ~ rel(1) + I(x^2) + ar(2, rel
     any(stringr::str_starts(attr(gg, "condition")$message, expected_error)) isn't true.
    
     ── 22. Failure: Good ARMA:
     y ~ 1, 1 + (1 | id) ~ rel(1) + I(x^2) + ar(2, rel
     any(stringr::str_starts(attr(gg, "condition")$message, expected_error)) isn't true.
    
     ── 23. Failure: Good binomial:
     y | trials(N) ~ 1, 1 + (1 | id) ~ 1 (@test-ru
     any(stringr::str_starts(attr(gg, "condition")$message, expected_error)) isn't true.
    
     ── 24. Failure: Good binomial:
     y | trials(N) ~ 1, 1 + (1 | id) ~ 1 (@test-ru
     any(stringr::str_starts(attr(gg, "condition")$message, expected_error)) isn't true.
    
     ── 25. Failure: Good Bernoulli:
     y_bern ~ 1, 1 + (1 | id) ~ 1 (@test-runs.R#2
     any(stringr::str_starts(attr(gg, "condition")$message, expected_error)) isn't true.
    
     ── 26. Failure: Good Bernoulli:
     y_bern ~ 1, 1 + (1 | id) ~ 1 (@test-runs.R#2
     any(stringr::str_starts(attr(gg, "condition")$message, expected_error)) isn't true.
    
     ── 27. Failure: Good Poisson:
     y ~ 1, 1 + (1 | id) ~ 1 (@test-runs.R#277) ──
     any(stringr::str_starts(attr(gg, "condition")$message, expected_error)) isn't true.
    
     ── 28. Failure: Good Poisson:
     y ~ 1, 1 + (1 | id) ~ 1 (@test-runs.R#277) ──
     any(stringr::str_starts(attr(gg, "condition")$message, expected_error)) isn't true.
    
     ══ testthat results ═══════════════════════════════════════════════════════════
     [ OK: 1696 | SKIPPED: 1 | WARNINGS: 0 | FAILED: 28 ]
     1. Failure: Good priors: int_1, dnorm(3, 10), -0.5 (@test-runs.R#335)
     2. Failure: Good priors: int_1, dnorm(3, 10), -0.5 (@test-runs.R#335)
     3. Failure: Good priors: dunif(-100, -90), dnorm(100, 20) T(100, 110) (@test-runs.R#335)
     4. Failure: Good priors: dunif(-100, -90), dnorm(100, 20) T(100, 110) (@test-runs.R#335)
     5. Failure: Good priors: dirichlet(1), dirichlet(1) (@test-runs.R#335)
     6. Failure: Good priors: dirichlet(1), dirichlet(1) (@test-runs.R#335)
     7. Failure: Good priors: dirichlet(3), dirichlet(2) (@test-runs.R#335)
     8. Failure: Good priors: dirichlet(3), dirichlet(2) (@test-runs.R#335)
     9. Failure: Good y:
     y ~ 1, y ~ 1 ~ 1, rel(1) + (1 | id) ~ rel(1) + x, ~1 (@test-runs.R#277)
     1. ...
    
     Error: testthat unit tests failed
     Execution halted
Flavor: r-patched-solaris-x86