CRAN Package Check Results for Package mclust

Last updated on 2020-02-21 17:47:51 CET.

Flavor Version Tinstall Tcheck Ttotal Status Flags
r-devel-linux-x86_64-debian-clang 5.4.5 39.26 218.86 258.12 OK
r-devel-linux-x86_64-debian-gcc 5.4.5 31.64 153.94 185.58 OK
r-devel-linux-x86_64-fedora-clang 5.4.5 307.17 NOTE
r-devel-linux-x86_64-fedora-gcc 5.4.5 299.76 OK
r-devel-windows-ix86+x86_64 5.4.5 69.00 312.00 381.00 NOTE
r-devel-windows-ix86+x86_64-gcc8 5.4.5 84.00 385.00 469.00 NOTE
r-patched-linux-x86_64 5.4.5 33.48 198.14 231.62 OK
r-patched-solaris-x86 5.4.5 412.60 NOTE
r-release-linux-x86_64 5.4.5 35.18 197.40 232.58 OK
r-release-windows-ix86+x86_64 5.4.5 65.00 326.00 391.00 NOTE
r-release-osx-x86_64 5.4.5 NOTE
r-oldrel-windows-ix86+x86_64 5.4.5 65.00 288.00 353.00 NOTE
r-oldrel-osx-x86_64 5.4.5 NOTE

Additional issues

gcc10 gcc10

Check Details

Version: 5.4.5
Check: installed package size
Result: NOTE
     installed size is 5.8Mb
     sub-directories of 1Mb or more:
     doc 3.0Mb
Flavors: r-devel-linux-x86_64-fedora-clang, r-devel-windows-ix86+x86_64, r-devel-windows-ix86+x86_64-gcc8, r-patched-solaris-x86, r-release-windows-ix86+x86_64, r-release-osx-x86_64, r-oldrel-windows-ix86+x86_64, r-oldrel-osx-x86_64

Version: 5.4.5
Check: R code for possible problems
Result: NOTE
    surfacePlot : <anonymous>: no visible global function definition for
     'hcl.colors'
    Undefined global functions or variables:
     hcl.colors
Flavors: r-oldrel-windows-ix86+x86_64, r-oldrel-osx-x86_64