CRAN Package Check Results for Package mclogit

Last updated on 2021-04-15 09:50:05 CEST.

Flavor Version Tinstall Tcheck Ttotal Status Flags
r-devel-linux-x86_64-debian-clang 0.8.7.3 14.07 118.18 132.25 OK
r-devel-linux-x86_64-debian-gcc 0.8.7.3 10.60 86.19 96.79 OK
r-devel-linux-x86_64-fedora-clang 0.8.7.3 159.31 OK
r-devel-linux-x86_64-fedora-gcc 0.8.7.3 149.47 OK
r-devel-windows-ix86+x86_64 0.8.7.3 31.00 4.00 35.00 ERROR
r-devel-windows-x86_64-gcc10-UCRT 0.8.7.3 OK
r-patched-linux-x86_64 0.8.7.3 10.94 105.85 116.79 OK
r-patched-solaris-x86 0.8.7.3 207.20 OK
r-release-linux-x86_64 0.8.7.3 13.79 105.21 119.00 OK
r-release-macos-x86_64 0.8.7.3 OK
r-release-windows-ix86+x86_64 0.8.7.3 36.00 133.00 169.00 OK
r-oldrel-macos-x86_64 0.8.7.3 OK
r-oldrel-windows-ix86+x86_64 0.8.7.3 26.00 95.00 121.00 OK

Check Details

Version: 0.8.7.3
Check: whether package can be installed
Result: ERROR
    Installation failed.
    See * DONE
Flavor: r-devel-windows-ix86+x86_64