CRAN Package Check Results for Package mbir

Last updated on 2020-03-30 20:48:32 CEST.

Flavor Version Tinstall Tcheck Ttotal Status Flags
r-devel-linux-x86_64-debian-clang 1.3.5 6.55 37.73 44.28 OK
r-devel-linux-x86_64-debian-gcc 1.3.5 3.95 29.31 33.26 OK
r-devel-linux-x86_64-fedora-clang 1.3.5 51.12 NOTE
r-devel-linux-x86_64-fedora-gcc 1.3.5 50.66 NOTE
r-devel-windows-ix86+x86_64 1.3.5 10.00 46.00 56.00 OK
r-devel-windows-ix86+x86_64-gcc8 1.3.5 8.00 44.00 52.00 OK
r-patched-linux-x86_64 1.3.5 4.99 37.79 42.78 OK
r-patched-solaris-x86 1.3.5 69.00 NOTE
r-release-linux-x86_64 1.3.5 5.47 35.19 40.66 OK
r-release-windows-ix86+x86_64 1.3.5 10.00 60.00 70.00 OK
r-release-osx-x86_64 1.3.5 NOTE
r-oldrel-windows-ix86+x86_64 1.3.5 8.00 67.00 75.00 OK
r-oldrel-osx-x86_64 1.3.5 NOTE

Check Details

Version: 1.3.5
Check: dependencies in R code
Result: NOTE
    Namespaces in Imports field not imported from:
     ‘effsize’ ‘psych’
     All declared Imports should be used.
Flavors: r-devel-linux-x86_64-fedora-clang, r-devel-linux-x86_64-fedora-gcc, r-patched-solaris-x86, r-release-osx-x86_64, r-oldrel-osx-x86_64