CRAN Package Check Results for Package mazeinda

Last updated on 2021-06-22 09:51:41 CEST.

Flavor Version Tinstall Tcheck Ttotal Status Flags
r-devel-linux-x86_64-debian-clang 0.0.1 2.57 25.94 28.51 NOTE --no-vignettes
r-devel-linux-x86_64-debian-gcc 0.0.1 1.97 20.76 22.73 NOTE --no-vignettes
r-devel-linux-x86_64-fedora-clang 0.0.1 979.22 NOTE
r-devel-linux-x86_64-fedora-gcc 0.0.1 1012.82 NOTE
r-devel-windows-x86_64 0.0.1 4.00 708.00 712.00 NOTE
r-devel-windows-x86_64-gcc10-UCRT 0.0.1 NOTE
r-patched-linux-x86_64 0.0.1 2.20 26.00 28.20 NOTE --no-vignettes
r-patched-solaris-x86 0.0.1 1139.80 NOTE
r-release-linux-x86_64 0.0.1 2.65 25.62 28.27 NOTE --no-vignettes
r-release-macos-arm64 0.0.1 NOTE
r-release-macos-x86_64 0.0.1 NOTE
r-release-windows-ix86+x86_64 0.0.1 6.00 1009.00 1015.00 NOTE
r-oldrel-macos-x86_64 0.0.1 OK

Check Details

Version: 0.0.1
Flags: --no-vignettes
Check: LazyData
Result: NOTE
     'LazyData' is specified without a 'data' directory
Flavors: r-devel-linux-x86_64-debian-clang, r-devel-linux-x86_64-debian-gcc, r-patched-linux-x86_64, r-release-linux-x86_64

Version: 0.0.1
Flags: --no-vignettes
Check: package vignettes
Result: NOTE
    Package vignette with placeholder title 'Vignette Title':
     'my-vignette.Rmd'
Flavors: r-devel-linux-x86_64-debian-clang, r-devel-linux-x86_64-debian-gcc, r-patched-linux-x86_64, r-release-linux-x86_64

Version: 0.0.1
Check: LazyData
Result: NOTE
     'LazyData' is specified without a 'data' directory
Flavors: r-devel-linux-x86_64-fedora-clang, r-devel-linux-x86_64-fedora-gcc, r-devel-windows-x86_64, r-devel-windows-x86_64-gcc10-UCRT, r-patched-solaris-x86, r-release-macos-arm64, r-release-macos-x86_64, r-release-windows-ix86+x86_64

Version: 0.0.1
Check: package dependencies
Result: NOTE
    Package suggested but not available for checking: 'doMC'
Flavors: r-devel-windows-x86_64, r-devel-windows-x86_64-gcc10-UCRT, r-release-windows-ix86+x86_64

Version: 0.0.1
Check: package vignettes
Result: NOTE
    Package vignette with placeholder title 'Vignette Title':
     'my-vignette.Rmd'
Flavors: r-devel-windows-x86_64, r-release-windows-ix86+x86_64