CRAN Package Check Results for Package matchingMarkets

Last updated on 2020-02-21 17:47:51 CET.

Flavor Version Tinstall Tcheck Ttotal Status Flags
r-devel-linux-x86_64-debian-clang 1.0-2 195.62 146.06 341.68 OK
r-devel-linux-x86_64-debian-gcc 1.0-2 138.02 108.93 246.95 OK
r-devel-linux-x86_64-fedora-clang 1.0-2 467.50 NOTE
r-devel-linux-x86_64-fedora-gcc 1.0-2 447.71 OK
r-devel-windows-ix86+x86_64 1.0-2 332.00 179.00 511.00 NOTE
r-devel-windows-ix86+x86_64-gcc8 1.0-2 518.00 253.00 771.00 NOTE
r-patched-linux-x86_64 1.0-2 164.36 131.74 296.10 OK
r-patched-solaris-x86 1.0-2 426.10 NOTE
r-release-linux-x86_64 1.0-2 156.17 133.10 289.27 OK
r-release-windows-ix86+x86_64 1.0-2 335.00 183.00 518.00 NOTE
r-release-osx-x86_64 1.0-2 NOTE
r-oldrel-windows-ix86+x86_64 1.0-2 337.00 163.00 500.00 NOTE
r-oldrel-osx-x86_64 1.0-2 NOTE

Check Details

Version: 1.0-2
Check: installed package size
Result: NOTE
     installed size is 15.1Mb
     sub-directories of 1Mb or more:
     java 3.3Mb
     libs 10.5Mb
Flavors: r-devel-linux-x86_64-fedora-clang, r-devel-windows-ix86+x86_64, r-devel-windows-ix86+x86_64-gcc8, r-patched-solaris-x86, r-release-windows-ix86+x86_64, r-release-osx-x86_64, r-oldrel-windows-ix86+x86_64, r-oldrel-osx-x86_64