CRAN Package Check Results for Package markmyassignment

Last updated on 2020-03-30 20:48:32 CEST.

Flavor Version Tinstall Tcheck Ttotal Status Flags
r-devel-linux-x86_64-debian-clang 0.8.2 2.66 55.08 57.74 OK
r-devel-linux-x86_64-debian-gcc 0.8.2 2.05 43.85 45.90 OK
r-devel-linux-x86_64-fedora-clang 0.8.2 57.82 NOTE
r-devel-linux-x86_64-fedora-gcc 0.8.2 78.13 NOTE
r-devel-windows-ix86+x86_64 0.8.2 8.00 88.00 96.00 OK
r-devel-windows-ix86+x86_64-gcc8 0.8.2 12.00 89.00 101.00 OK
r-patched-linux-x86_64 0.8.2 3.07 53.88 56.95 OK
r-patched-solaris-x86 0.8.2 71.70 NOTE
r-release-linux-x86_64 0.8.2 2.48 50.98 53.46 OK
r-release-windows-ix86+x86_64 0.8.2 9.00 112.00 121.00 OK
r-release-osx-x86_64 0.8.2 NOTE
r-oldrel-windows-ix86+x86_64 0.8.2 11.00 115.00 126.00 OK
r-oldrel-osx-x86_64 0.8.2 NOTE

Check Details

Version: 0.8.2
Check: dependencies in R code
Result: NOTE
    Namespace in Imports field not imported from: ‘lazyeval’
     All declared Imports should be used.
Flavors: r-devel-linux-x86_64-fedora-clang, r-devel-linux-x86_64-fedora-gcc, r-patched-solaris-x86, r-release-osx-x86_64, r-oldrel-osx-x86_64