CRAN Package Check Results for Package margins

Last updated on 2021-04-15 09:50:04 CEST.

Flavor Version Tinstall Tcheck Ttotal Status Flags
r-devel-linux-x86_64-debian-clang 0.3.26 6.00 216.68 222.68 OK
r-devel-linux-x86_64-debian-gcc 0.3.26 5.02 155.77 160.79 OK
r-devel-linux-x86_64-fedora-clang 0.3.26 260.54 OK
r-devel-linux-x86_64-fedora-gcc 0.3.26 259.27 OK
r-devel-windows-ix86+x86_64 0.3.26 11.00 5.00 16.00 ERROR
r-devel-windows-x86_64-gcc10-UCRT 0.3.26 OK
r-patched-linux-x86_64 0.3.26 5.99 204.51 210.50 OK
r-patched-solaris-x86 0.3.26 322.40 OK
r-release-linux-x86_64 0.3.26 5.79 203.48 209.27 OK
r-release-macos-x86_64 0.3.26 OK
r-release-windows-ix86+x86_64 0.3.26 10.00 252.00 262.00 OK
r-oldrel-macos-x86_64 0.3.26 OK
r-oldrel-windows-ix86+x86_64 0.3.26 10.00 183.00 193.00 OK

Check Details

Version: 0.3.26
Check: whether package can be installed
Result: ERROR
    Installation failed.
Flavor: r-devel-windows-ix86+x86_64