CRAN Package Check Results for Package marcher

Last updated on 2020-04-09 14:51:26 CEST.

Flavor Version Tinstall Tcheck Ttotal Status Flags
r-devel-linux-x86_64-debian-clang 0.0-2 9.39 121.61 131.00 OK
r-devel-linux-x86_64-debian-gcc 0.0-2 8.70 96.06 104.76 OK
r-devel-linux-x86_64-fedora-clang 0.0-2 155.55 OK
r-devel-linux-x86_64-fedora-gcc 0.0-2 178.93 OK
r-devel-windows-ix86+x86_64 0.0-2 15.00 188.00 203.00 OK
r-devel-windows-ix86+x86_64-gcc8 0.0-2 16.00 124.00 140.00 OK
r-patched-linux-x86_64 0.0-2 8.49 117.87 126.36 OK
r-patched-osx-x86_64 0.0-2 WARN
r-patched-solaris-x86 0.0-2 235.00 OK
r-release-linux-x86_64 0.0-2 8.63 110.90 119.53 OK
r-release-windows-ix86+x86_64 0.0-2 17.00 157.00 174.00 OK
r-release-osx-x86_64 0.0-2 OK
r-oldrel-windows-ix86+x86_64 0.0-2 15.00 169.00 184.00 OK
r-oldrel-osx-x86_64 0.0-2 OK

Check Details

Version: 0.0-2
Check: re-building of vignette outputs
Result: WARN
    Error(s) in re-building vignettes:
     ...
    --- re-building ‘marcher.Rmd’ using rmarkdown
    dyld: lazy symbol binding failed: Symbol not found: ____chkstk_darwin
     Referenced from: /usr/local/bin/pandoc (which was built for Mac OS X 10.15)
     Expected in: /usr/lib/libSystem.B.dylib
    
    dyld: Symbol not found: ____chkstk_darwin
     Referenced from: /usr/local/bin/pandoc (which was built for Mac OS X 10.15)
     Expected in: /usr/lib/libSystem.B.dylib
    
    Error: processing vignette 'marcher.Rmd' failed with diagnostics:
    pandoc document conversion failed with error 6
    --- failed re-building ‘marcher.Rmd’
    
    SUMMARY: processing the following file failed:
     ‘marcher.Rmd’
    
    Error: Vignette re-building failed.
    Execution halted
Flavor: r-patched-osx-x86_64