CRAN Package Check Results for Package maptpx

Last updated on 2021-04-15 09:50:04 CEST.

Flavor Version Tinstall Tcheck Ttotal Status Flags
r-devel-linux-x86_64-debian-clang 1.9-7 4.94 28.43 33.37 OK
r-devel-linux-x86_64-debian-gcc 1.9-7 3.39 22.14 25.53 OK
r-devel-linux-x86_64-fedora-clang 1.9-7 50.49 OK
r-devel-linux-x86_64-fedora-gcc 1.9-7 40.09 OK
r-devel-windows-ix86+x86_64 1.9-7 14.00 5.00 19.00 ERROR
r-devel-windows-x86_64-gcc10-UCRT 1.9-7 OK
r-patched-linux-x86_64 1.9-7 3.94 27.48 31.42 OK
r-patched-solaris-x86 1.9-7 59.10 OK
r-release-linux-x86_64 1.9-7 3.91 27.31 31.22 OK
r-release-macos-x86_64 1.9-7 OK
r-release-windows-ix86+x86_64 1.9-7 11.00 57.00 68.00 OK
r-oldrel-macos-x86_64 1.9-7 NOTE
r-oldrel-windows-ix86+x86_64 1.9-7 12.00 39.00 51.00 NOTE

Check Details

Version: 1.9-7
Check: whether package can be installed
Result: ERROR
    Installation failed.
    See 'd:/Rcompile/CRANpkg/local/4.1/maptpx.Rcheck/00install.out'
Flavor: r-devel-windows-ix86+x86_64

Version: 1.9-7
Check: R code for possible problems
Result: NOTE
    plot.topics: no visible global function definition for ‘plot’
    Undefined global functions or variables:
     plot
    Consider adding
     importFrom("graphics", "plot")
    to your NAMESPACE file.
Flavors: r-oldrel-macos-x86_64, r-oldrel-windows-ix86+x86_64