CRAN Package Check Results for Package mapi

Last updated on 2021-06-14 08:49:42 CEST.

Flavor Version Tinstall Tcheck Ttotal Status Flags
r-devel-linux-x86_64-debian-clang 1.0.1 24.03 71.56 95.59 OK
r-devel-linux-x86_64-debian-gcc 1.0.1 16.15 53.99 70.14 OK
r-devel-linux-x86_64-fedora-clang 1.0.1 129.03 OK
r-devel-linux-x86_64-fedora-gcc 1.0.1 114.59 OK
r-devel-windows-x86_64 1.0.1 33.00 98.00 131.00 OK
r-devel-windows-x86_64-gcc10-UCRT 1.0.1 ERROR
r-patched-linux-x86_64 1.0.1 18.58 66.59 85.17 OK
r-patched-solaris-x86 1.0.1 148.80 OK
r-release-linux-x86_64 1.0.1 17.87 66.78 84.65 OK
r-release-macos-arm64 1.0.1 OK
r-release-macos-x86_64 1.0.1 OK
r-release-windows-ix86+x86_64 1.0.1 48.00 118.00 166.00 OK
r-oldrel-macos-x86_64 1.0.1 OK
r-oldrel-windows-ix86+x86_64 1.0.1 59.00 122.00 181.00 OK

Check Details

Version: 1.0.1
Check: package dependencies
Result: ERROR
    Package required but not available: 'sf'
    
    See section 'The DESCRIPTION file' in the 'Writing R Extensions'
    manual.
Flavor: r-devel-windows-x86_64-gcc10-UCRT