CRAN Package Check Results for Package mapdeck

Last updated on 2021-04-15 09:50:04 CEST.

Flavor Version Tinstall Tcheck Ttotal Status Flags
r-devel-linux-x86_64-debian-clang 0.3.4 326.68 56.23 382.91 OK
r-devel-linux-x86_64-debian-gcc 0.3.4 264.84 42.78 307.62 OK
r-devel-linux-x86_64-fedora-clang 0.3.4 503.34 NOTE
r-devel-linux-x86_64-fedora-gcc 0.3.4 552.65 OK
r-devel-windows-ix86+x86_64 0.3.4 705.00 5.00 710.00 ERROR
r-devel-windows-x86_64-gcc10-UCRT 0.3.4 OK
r-patched-linux-x86_64 0.3.4 300.22 52.89 353.11 OK
r-patched-solaris-x86 0.3.4 443.00 NOTE
r-release-linux-x86_64 0.3.4 292.58 52.93 345.51 OK
r-release-macos-x86_64 0.3.4 NOTE
r-release-windows-ix86+x86_64 0.3.4 580.00 123.00 703.00 NOTE
r-oldrel-macos-x86_64 0.3.4 NOTE
r-oldrel-windows-ix86+x86_64 0.3.4 669.00 94.00 763.00 NOTE

Check Details

Version: 0.3.4
Check: installed package size
Result: NOTE
     installed size is 41.4Mb
     sub-directories of 1Mb or more:
     data 1.3Mb
     doc 1.6Mb
     htmlwidgets 2.3Mb
     libs 35.9Mb
Flavors: r-devel-linux-x86_64-fedora-clang, r-patched-solaris-x86, r-release-macos-x86_64, r-release-windows-ix86+x86_64, r-oldrel-macos-x86_64, r-oldrel-windows-ix86+x86_64

Version: 0.3.4
Check: whether package can be installed
Result: ERROR
    
    See * DONE
Flavor: r-devel-windows-ix86+x86_64