CRAN Package Check Results for Package mapdeck

Last updated on 2020-02-21 17:47:50 CET.

Flavor Version Tinstall Tcheck Ttotal Status Flags
r-devel-linux-x86_64-debian-clang 0.2.1 394.38 43.44 437.82 OK
r-devel-linux-x86_64-debian-gcc 0.2.1 467.94 34.51 502.45 OK
r-devel-linux-x86_64-fedora-clang 0.2.1 612.81 NOTE
r-devel-linux-x86_64-fedora-gcc 0.2.1 1054.59 NOTE
r-devel-windows-ix86+x86_64 0.2.1 694.00 92.00 786.00 NOTE
r-devel-windows-ix86+x86_64-gcc8 0.2.1 1003.00 138.00 1141.00 NOTE
r-patched-linux-x86_64 0.2.1 479.04 39.57 518.61 OK
r-patched-solaris-x86 0.2.1 532.70 NOTE
r-release-linux-x86_64 0.2.1 483.53 39.50 523.03 OK
r-release-windows-ix86+x86_64 0.2.1 736.00 110.00 846.00 NOTE
r-release-osx-x86_64 0.2.1 NOTE
r-oldrel-windows-ix86+x86_64 0.2.1 705.00 89.00 794.00 NOTE
r-oldrel-osx-x86_64 0.2.1 NOTE

Check Details

Version: 0.2.1
Check: installed package size
Result: NOTE
     installed size is 45.6Mb
     sub-directories of 1Mb or more:
     doc 1.2Mb
     htmlwidgets 1.5Mb
     libs 41.5Mb
Flavors: r-devel-linux-x86_64-fedora-clang, r-devel-windows-ix86+x86_64, r-devel-windows-ix86+x86_64-gcc8, r-patched-solaris-x86, r-release-windows-ix86+x86_64, r-release-osx-x86_64, r-oldrel-windows-ix86+x86_64, r-oldrel-osx-x86_64

Version: 0.2.1
Check: dependencies in R code
Result: NOTE
    Namespace in Imports field not imported from: ‘htmltools’
     All declared Imports should be used.
Flavors: r-devel-linux-x86_64-fedora-clang, r-devel-linux-x86_64-fedora-gcc, r-patched-solaris-x86, r-release-osx-x86_64, r-oldrel-osx-x86_64