CRAN Package Check Results for Package malariaAtlas

Last updated on 2020-02-27 17:51:00 CET.

Flavor Version Tinstall Tcheck Ttotal Status Flags
r-devel-linux-x86_64-debian-clang 1.0.0 7.52 115.53 123.05 OK
r-devel-linux-x86_64-debian-gcc 1.0.0 6.17 84.20 90.37 OK
r-devel-linux-x86_64-fedora-clang 1.0.0 138.91 NOTE
r-devel-linux-x86_64-fedora-gcc 1.0.0 128.13 NOTE
r-devel-windows-ix86+x86_64 1.0.0 25.00 199.00 224.00 OK
r-devel-windows-ix86+x86_64-gcc8 0.0.5 17.00 155.00 172.00 OK
r-patched-linux-x86_64 1.0.0 7.79 101.49 109.28 OK
r-patched-solaris-x86 1.0.0 197.90 NOTE
r-release-linux-x86_64 1.0.0 7.25 102.85 110.10 OK
r-release-windows-ix86+x86_64 1.0.0 18.00 205.00 223.00 OK
r-release-osx-x86_64 1.0.0 NOTE
r-oldrel-windows-ix86+x86_64 1.0.0 8.00 158.00 166.00 OK
r-oldrel-osx-x86_64 1.0.0 NOTE

Check Details

Version: 1.0.0
Check: dependencies in R code
Result: NOTE
    Namespace in Imports field not imported from: ‘grid’
     All declared Imports should be used.
Flavors: r-devel-linux-x86_64-fedora-clang, r-devel-linux-x86_64-fedora-gcc, r-patched-solaris-x86, r-release-osx-x86_64, r-oldrel-osx-x86_64

Version: 1.0.0
Check: foreign function calls
Result: NOTE
    Warning in find_bad_exprs(exprs[[i]]) :
     it is not known that wchar_t is Unicode on this platform
    Warning in find_bad_exprs(exprs[[i]]) :
     it is not known that wchar_t is Unicode on this platform
    Warning in find_bad_exprs(exprs[[i]]) :
     it is not known that wchar_t is Unicode on this platform
    Warning in find_bad_exprs(exprs[[i]]) :
     it is not known that wchar_t is Unicode on this platform
    See chapter ‘System and foreign language interfaces’ in the ‘Writing R
    Extensions’ manual.
Flavor: r-patched-solaris-x86