CRAN Package Check Results for Package malan

Last updated on 2021-06-24 09:52:34 CEST.

Flavor Version Tinstall Tcheck Ttotal Status Flags
r-devel-linux-x86_64-debian-clang 1.0.2 322.97 95.73 418.70 OK
r-devel-linux-x86_64-debian-gcc 1.0.2 227.59 70.32 297.91 OK
r-devel-linux-x86_64-fedora-clang 1.0.2 602.70 NOTE
r-devel-linux-x86_64-fedora-gcc 1.0.2 541.75 OK
r-devel-windows-x86_64 1.0.2 390.00 105.00 495.00 OK
r-devel-windows-x86_64-gcc10-UCRT 1.0.2 OK
r-patched-linux-x86_64 1.0.2 262.15 89.00 351.15 OK
r-patched-solaris-x86 1.0.2 464.10 OK
r-release-linux-x86_64 1.0.2 242.84 88.87 331.71 OK
r-release-macos-arm64 1.0.2 NOTE
r-release-macos-x86_64 1.0.2 NOTE
r-release-windows-ix86+x86_64 1.0.2 550.00 135.00 685.00 OK
r-oldrel-macos-x86_64 1.0.2 NOTE

Check Details

Version: 1.0.2
Check: installed package size
Result: NOTE
     installed size is 11.1Mb
     sub-directories of 1Mb or more:
     libs 10.1Mb
Flavors: r-devel-linux-x86_64-fedora-clang, r-release-macos-arm64, r-release-macos-x86_64, r-oldrel-macos-x86_64