CRAN Package Check Results for Package mafs

Last updated on 2020-07-06 21:50:30 CEST.

Flavor Version Tinstall Tcheck Ttotal Status Flags
r-devel-linux-x86_64-debian-clang 0.0.3 6.75 62.60 69.35 OK
r-devel-linux-x86_64-debian-gcc 0.0.3 5.43 47.82 53.25 OK
r-devel-linux-x86_64-fedora-clang 0.0.3 92.85 NOTE
r-devel-linux-x86_64-fedora-gcc 0.0.3 80.96 NOTE
r-devel-windows-ix86+x86_64 0.0.3 38.00 78.00 116.00 OK
r-patched-linux-x86_64 0.0.3 6.09 59.87 65.96 OK
r-patched-solaris-x86 0.0.3 124.60 NOTE
r-release-linux-x86_64 0.0.3 6.72 60.34 67.06 OK
r-release-osx-x86_64 0.0.3 NOTE
r-release-windows-ix86+x86_64 0.0.3 21.00 87.00 108.00 OK
r-oldrel-osx-x86_64 0.0.3 NOTE
r-oldrel-windows-ix86+x86_64 0.0.3 36.00 106.00 142.00 OK

Check Details

Version: 0.0.3
Check: package dependencies
Result: NOTE
    Imports includes 22 non-default packages.
    Importing from so many packages makes the package vulnerable to any of
    them becoming unavailable. Move as many as possible to Suggests and
    use conditionally.
Flavor: r-devel-linux-x86_64-fedora-clang

Version: 0.0.3
Check: dependencies in R code
Result: NOTE
    Namespaces in Imports field not imported from:
     ‘Rcpp’ ‘cmprsk’ ‘colorspace’ ‘etm’ ‘fracdiff’ ‘gtable’ ‘munsell’
     ‘numDeriv’ ‘plyr’ ‘quadprog’ ‘scales’ ‘timeDate’ ‘tseries’ ‘zoo’
     All declared Imports should be used.
Flavors: r-devel-linux-x86_64-fedora-clang, r-devel-linux-x86_64-fedora-gcc, r-patched-solaris-x86, r-release-osx-x86_64, r-oldrel-osx-x86_64