CRAN Package Check Results for Package mafs

Last updated on 2020-02-17 14:47:52 CET.

Flavor Version Tinstall Tcheck Ttotal Status Flags
r-devel-linux-x86_64-debian-clang 0.0.3 6.88 60.78 67.66 OK
r-devel-linux-x86_64-debian-gcc 0.0.3 5.85 46.33 52.18 OK
r-devel-linux-x86_64-fedora-clang 0.0.3 81.34 WARN
r-devel-linux-x86_64-fedora-gcc 0.0.3 78.33 NOTE
r-devel-windows-ix86+x86_64 0.0.3 20.00 86.00 106.00 OK
r-devel-windows-ix86+x86_64-gcc8 0.0.3 33.00 118.00 151.00 OK
r-patched-linux-x86_64 0.0.3 5.28 51.97 57.25 OK
r-patched-solaris-x86 0.0.3 110.50 NOTE
r-release-linux-x86_64 0.0.3 5.19 51.53 56.72 OK
r-release-windows-ix86+x86_64 0.0.3 13.00 72.00 85.00 OK
r-release-osx-x86_64 0.0.3 NOTE
r-oldrel-windows-ix86+x86_64 0.0.3 8.00 72.00 80.00 OK
r-oldrel-osx-x86_64 0.0.3 NOTE

Check Details

Version: 0.0.3
Check: package dependencies
Result: WARN
    Imports includes 22 non-default packages.
    Importing from so many packages makes the package vulnerable to any of
    them becoming unavailable. Move as many as possible to Suggests and
    use conditionally.
    
    Requires orphaned package: ‘etm’
Flavor: r-devel-linux-x86_64-fedora-clang

Version: 0.0.3
Check: dependencies in R code
Result: NOTE
    Namespaces in Imports field not imported from:
     ‘Rcpp’ ‘cmprsk’ ‘colorspace’ ‘etm’ ‘fracdiff’ ‘gtable’ ‘munsell’
     ‘numDeriv’ ‘plyr’ ‘quadprog’ ‘scales’ ‘timeDate’ ‘tseries’ ‘zoo’
     All declared Imports should be used.
Flavors: r-devel-linux-x86_64-fedora-clang, r-devel-linux-x86_64-fedora-gcc, r-patched-solaris-x86, r-release-osx-x86_64, r-oldrel-osx-x86_64