CRAN Package Check Results for Package mSimCC

Last updated on 2020-03-30 20:48:34 CEST.

Flavor Version Tinstall Tcheck Ttotal Status Flags
r-devel-linux-x86_64-debian-clang 0.0.1 5.26 33.24 38.50 OK
r-devel-linux-x86_64-debian-gcc 0.0.1 4.50 25.69 30.19 OK
r-devel-linux-x86_64-fedora-clang 0.0.1 45.92 OK
r-devel-linux-x86_64-fedora-gcc 0.0.1 46.30 OK
r-devel-windows-ix86+x86_64 0.0.1 14.00 70.00 84.00 OK
r-devel-windows-ix86+x86_64-gcc8 0.0.1 13.00 70.00 83.00 OK
r-patched-linux-x86_64 0.0.1 5.55 32.28 37.83 OK
r-patched-solaris-x86 0.0.1 82.90 OK
r-release-linux-x86_64 0.0.1 4.82 30.29 35.11 OK
r-release-windows-ix86+x86_64 0.0.1 17.00 99.00 116.00 OK
r-release-osx-x86_64 0.0.1 OK
r-oldrel-windows-ix86+x86_64 0.0.1 14.00 65.00 79.00 FAIL
r-oldrel-osx-x86_64 0.0.1 OK

Check Details

Version: 0.0.1
Check: running examples for arch ‘i386’
Result: FAIL
Flavor: r-oldrel-windows-ix86+x86_64