CRAN Package Check Results for Package mAr

Last updated on 2021-04-15 09:50:04 CEST.

Flavor Version Tinstall Tcheck Ttotal Status Flags
r-devel-linux-x86_64-debian-clang 1.1-2 2.47 24.19 26.66 NOTE
r-devel-linux-x86_64-debian-gcc 1.1-2 1.83 19.68 21.51 NOTE
r-devel-linux-x86_64-fedora-clang 1.1-2 42.31 NOTE
r-devel-linux-x86_64-fedora-gcc 1.1-2 32.17 NOTE
r-devel-windows-ix86+x86_64 1.1-2 5.00 3.00 8.00 ERROR
r-devel-windows-x86_64-gcc10-UCRT 1.1-2 NOTE
r-patched-linux-x86_64 1.1-2 2.30 23.85 26.15 NOTE
r-patched-solaris-x86 1.1-2 51.50 NOTE
r-release-linux-x86_64 1.1-2 1.96 23.90 25.86 NOTE
r-release-macos-x86_64 1.1-2 NOTE
r-release-windows-ix86+x86_64 1.1-2 4.00 44.00 48.00 NOTE
r-oldrel-macos-x86_64 1.1-2 NOTE
r-oldrel-windows-ix86+x86_64 1.1-2 4.00 29.00 33.00 NOTE

Check Details

Version: 1.1-2
Check: DESCRIPTION meta-information
Result: NOTE
    Malformed Description field: should contain one or more complete sentences.
Flavors: r-devel-linux-x86_64-debian-clang, r-devel-linux-x86_64-debian-gcc, r-devel-linux-x86_64-fedora-clang, r-devel-linux-x86_64-fedora-gcc, r-devel-windows-x86_64-gcc10-UCRT, r-patched-linux-x86_64, r-patched-solaris-x86, r-release-linux-x86_64, r-release-macos-x86_64, r-release-windows-ix86+x86_64, r-oldrel-macos-x86_64, r-oldrel-windows-ix86+x86_64

Version: 1.1-2
Check: dependencies in R code
Result: NOTE
    'library' or 'require' call to 'MASS' which was already attached by Depends.
     Please remove these calls from your code.
Flavors: r-devel-linux-x86_64-debian-clang, r-devel-linux-x86_64-debian-gcc, r-devel-linux-x86_64-fedora-clang, r-devel-linux-x86_64-fedora-gcc, r-devel-windows-x86_64-gcc10-UCRT, r-patched-linux-x86_64, r-patched-solaris-x86, r-release-linux-x86_64, r-release-macos-x86_64, r-release-windows-ix86+x86_64, r-oldrel-macos-x86_64, r-oldrel-windows-ix86+x86_64

Version: 1.1-2
Check: R code for possible problems
Result: NOTE
    mAr.pca: no visible binding for global variable 'sd'
    Undefined global functions or variables:
     sd
    Consider adding
     importFrom("stats", "sd")
    to your NAMESPACE file.
Flavors: r-devel-linux-x86_64-debian-clang, r-devel-linux-x86_64-debian-gcc, r-devel-linux-x86_64-fedora-clang, r-devel-linux-x86_64-fedora-gcc, r-devel-windows-x86_64-gcc10-UCRT, r-patched-linux-x86_64, r-patched-solaris-x86, r-release-linux-x86_64, r-release-macos-x86_64, r-release-windows-ix86+x86_64, r-oldrel-macos-x86_64, r-oldrel-windows-ix86+x86_64

Version: 1.1-2
Check: whether package can be installed
Result: ERROR
    Installation failed.
Flavor: r-devel-windows-ix86+x86_64