CRAN Package Check Results for Package lwgeom

Last updated on 2020-03-30 20:48:32 CEST.

Flavor Version Tinstall Tcheck Ttotal Status Flags
r-devel-linux-x86_64-debian-clang 0.2-1 94.36 52.72 147.08 OK
r-devel-linux-x86_64-debian-gcc 0.2-1 65.58 41.35 106.93 OK
r-devel-linux-x86_64-fedora-clang 0.2-1 197.74 OK
r-devel-linux-x86_64-fedora-gcc 0.2-1 188.20 OK
r-devel-windows-ix86+x86_64 0.2-1 234.00 115.00 349.00 NOTE
r-devel-windows-ix86+x86_64-gcc8 0.2-1 244.00 117.00 361.00 WARN
r-patched-linux-x86_64 0.2-1 78.26 51.84 130.10 OK
r-patched-solaris-x86 0.2-1 225.80 OK
r-release-linux-x86_64 0.2-1 79.81 47.92 127.73 OK
r-release-windows-ix86+x86_64 0.2-1 356.00 163.00 519.00 NOTE
r-release-osx-x86_64 0.2-1 NOTE
r-oldrel-windows-ix86+x86_64 0.2-1 344.00 162.00 506.00 NOTE
r-oldrel-osx-x86_64 0.2-1 NOTE

Check Details

Version: 0.2-1
Check: installed package size
Result: NOTE
     installed size is 10.7Mb
     sub-directories of 1Mb or more:
     libs 5.6Mb
     proj 5.0Mb
Flavors: r-devel-windows-ix86+x86_64, r-devel-windows-ix86+x86_64-gcc8, r-release-windows-ix86+x86_64, r-release-osx-x86_64, r-oldrel-windows-ix86+x86_64, r-oldrel-osx-x86_64

Version: 0.2-1
Check: whether package can be installed
Result: WARN
    Found the following significant warnings:
     liblwgeom/lwgeom_topo.c:4305:36: warning: too many arguments for format [-Wformat-extra-args]
     liblwgeom/lwgeom_topo.c:4357:38: warning: too many arguments for format [-Wformat-extra-args]
Flavor: r-devel-windows-ix86+x86_64-gcc8