CRAN Package Check Results for Package lvnet

Last updated on 2020-03-30 20:48:32 CEST.

Flavor Version Tinstall Tcheck Ttotal Status Flags
r-devel-linux-x86_64-debian-clang 0.3.5 20.46 145.26 165.72 OK
r-devel-linux-x86_64-debian-gcc 0.3.5 16.93 108.38 125.31 OK
r-devel-linux-x86_64-fedora-clang 0.3.5 192.24 OK
r-devel-linux-x86_64-fedora-gcc 0.3.5 192.58 OK
r-devel-windows-ix86+x86_64 0.3.5 50.00 146.00 196.00 OK
r-devel-windows-ix86+x86_64-gcc8 0.3.5 40.00 141.00 181.00 OK
r-patched-linux-x86_64 0.3.5 14.55 134.65 149.20 OK
r-patched-solaris-x86 0.3.5 326.00 ERROR
r-release-linux-x86_64 0.3.5 14.49 123.26 137.75 OK
r-release-windows-ix86+x86_64 0.3.5 40.00 212.00 252.00 OK
r-release-osx-x86_64 0.3.5 OK
r-oldrel-windows-ix86+x86_64 0.3.5 45.00 207.00 252.00 OK
r-oldrel-osx-x86_64 0.3.5 OK

Check Details

Version: 0.3.5
Check: examples
Result: ERROR
    Running examples in ‘lvnet-Ex.R’ failed
    The error most likely occurred in:
    
    > ### Name: lvnet
    > ### Title: Confirmatory Latent Variable Network Models
    > ### Aliases: lvnet
    >
    > ### ** Examples
    >
    > # Load dataset:
    > library("lavaan")
    This is lavaan 0.6-5
    lavaan is BETA software! Please report any bugs.
    
    Attaching package: ‘lavaan’
    
    The following object is masked from ‘package:OpenMx’:
    
     vech
    
    > data(HolzingerSwineford1939)
    > Data <- HolzingerSwineford1939[,7:15]
    >
    > # Measurement model:
    > Lambda <- matrix(0, 9, 3)
    > Lambda[1:3,1] <- NA
    > Lambda[4:6,2] <- NA
    > Lambda[7:9,3] <- NA
    >
    > # Fit CFA model:
    > CFA <- lvnet(Data, lambda = Lambda)
    Error: C stack usage 333091988 is too close to the limit
    Error: The job for model 'model' exited abnormally with the error message: User interrupt
    Execution halted
Flavor: r-patched-solaris-x86