CRAN Package Check Results for Package lvec

Last updated on 2021-04-15 09:50:04 CEST.

Flavor Version Tinstall Tcheck Ttotal Status Flags
r-devel-linux-x86_64-debian-clang 0.2.2 139.94 34.92 174.86 OK
r-devel-linux-x86_64-debian-gcc 0.2.2 87.43 27.85 115.28 OK
r-devel-linux-x86_64-fedora-clang 0.2.2 267.48 NOTE
r-devel-linux-x86_64-fedora-gcc 0.2.2 214.65 OK
r-devel-windows-ix86+x86_64 0.2.2 424.00 4.00 428.00 ERROR
r-devel-windows-x86_64-gcc10-UCRT 0.2.2 OK
r-patched-linux-x86_64 0.2.2 105.26 34.24 139.50 OK
r-patched-solaris-x86 0.2.2 190.50 OK
r-release-linux-x86_64 0.2.2 103.37 33.99 137.36 OK
r-release-macos-x86_64 0.2.2 OK
r-release-windows-ix86+x86_64 0.2.2 351.00 85.00 436.00 OK
r-oldrel-macos-x86_64 0.2.2 OK
r-oldrel-windows-ix86+x86_64 0.2.2 355.00 58.00 413.00 OK

Check Details

Version: 0.2.2
Check: installed package size
Result: NOTE
     installed size is 6.3Mb
     sub-directories of 1Mb or more:
     libs 6.1Mb
Flavor: r-devel-linux-x86_64-fedora-clang

Version: 0.2.2
Check: whether package can be installed
Result: ERROR
    Installation failed.
Flavor: r-devel-windows-ix86+x86_64