CRAN Package Check Results for Package lutz

Last updated on 2020-07-06 21:50:30 CEST.

Flavor Version Tinstall Tcheck Ttotal Status Flags
r-devel-linux-x86_64-debian-clang 0.3.1 27.91 51.45 79.36 OK
r-devel-linux-x86_64-debian-gcc 0.3.1 20.17 41.69 61.86 OK
r-devel-linux-x86_64-fedora-clang 0.3.1 109.34 OK
r-devel-linux-x86_64-fedora-gcc 0.3.1 96.17 OK
r-devel-windows-ix86+x86_64 0.3.1 70.00 129.00 199.00 NOTE
r-patched-linux-x86_64 0.3.1 21.80 51.42 73.22 OK
r-patched-solaris-x86 0.3.1 149.20 OK
r-release-linux-x86_64 0.3.1 22.27 51.68 73.95 OK
r-release-osx-x86_64 0.3.1 NOTE
r-release-windows-ix86+x86_64 0.3.1 42.00 115.00 157.00 NOTE
r-oldrel-osx-x86_64 0.3.1 OK
r-oldrel-windows-ix86+x86_64 0.3.1 47.00 171.00 218.00 NOTE

Check Details

Version: 0.3.1
Check: installed package size
Result: NOTE
     installed size is 6.4Mb
     sub-directories of 1Mb or more:
     R 4.0Mb
     libs 2.1Mb
Flavors: r-devel-windows-ix86+x86_64, r-release-osx-x86_64, r-release-windows-ix86+x86_64, r-oldrel-windows-ix86+x86_64