CRAN Package Check Results for Package ltsbase

Last updated on 2021-04-15 09:50:04 CEST.

Flavor Version Tinstall Tcheck Ttotal Status Flags
r-devel-linux-x86_64-debian-clang 1.0.1 2.73 27.47 30.20 NOTE
r-devel-linux-x86_64-debian-gcc 1.0.1 1.95 21.67 23.62 NOTE
r-devel-linux-x86_64-fedora-clang 1.0.1 46.27 NOTE
r-devel-linux-x86_64-fedora-gcc 1.0.1 35.81 NOTE
r-devel-windows-ix86+x86_64 1.0.1 6.00 5.00 11.00 ERROR
r-devel-windows-x86_64-gcc10-UCRT 1.0.1 NOTE
r-patched-linux-x86_64 1.0.1 2.69 26.31 29.00 NOTE
r-patched-solaris-x86 1.0.1 55.60 NOTE
r-release-linux-x86_64 1.0.1 2.44 26.35 28.79 NOTE
r-release-macos-x86_64 1.0.1 NOTE
r-release-windows-ix86+x86_64 1.0.1 5.00 44.00 49.00 NOTE
r-oldrel-macos-x86_64 1.0.1 NOTE
r-oldrel-windows-ix86+x86_64 1.0.1 5.00 29.00 34.00 NOTE

Check Details

Version: 1.0.1
Check: dependencies in R code
Result: NOTE
    'library' or 'require' calls to packages already attached by Depends:
     'MASS' 'robustbase'
     Please remove these calls from your code.
Flavors: r-devel-linux-x86_64-debian-clang, r-devel-linux-x86_64-debian-gcc, r-devel-linux-x86_64-fedora-clang, r-devel-linux-x86_64-fedora-gcc, r-devel-windows-x86_64-gcc10-UCRT, r-patched-linux-x86_64, r-patched-solaris-x86, r-release-linux-x86_64, r-release-macos-x86_64, r-release-windows-ix86+x86_64, r-oldrel-macos-x86_64, r-oldrel-windows-ix86+x86_64

Version: 1.0.1
Check: R code for possible problems
Result: NOTE
    ltsbase: no visible global function definition for 'lm'
    ltsbase: no visible global function definition for 'lines'
    ltsbase: no visible global function definition for 'legend'
    Undefined global functions or variables:
     legend lines lm
    Consider adding
     importFrom("graphics", "legend", "lines")
     importFrom("stats", "lm")
    to your NAMESPACE file.
Flavors: r-devel-linux-x86_64-debian-clang, r-devel-linux-x86_64-debian-gcc, r-devel-linux-x86_64-fedora-clang, r-devel-linux-x86_64-fedora-gcc, r-devel-windows-x86_64-gcc10-UCRT, r-patched-linux-x86_64, r-patched-solaris-x86, r-release-linux-x86_64, r-release-macos-x86_64, r-release-windows-ix86+x86_64, r-oldrel-macos-x86_64, r-oldrel-windows-ix86+x86_64

Version: 1.0.1
Check: whether package can be installed
Result: ERROR
    Installation failed.
    See for details.
    *
Flavor: r-devel-windows-ix86+x86_64