CRAN Package Check Results for Package lpme

Last updated on 2020-03-30 20:48:32 CEST.

Flavor Version Tinstall Tcheck Ttotal Status Flags
r-devel-linux-x86_64-debian-clang 1.1.1 145.54 44.54 190.08 OK
r-devel-linux-x86_64-debian-gcc 1.1.1 105.96 33.93 139.89 OK
r-devel-linux-x86_64-fedora-clang 1.1.1 265.89 NOTE
r-devel-linux-x86_64-fedora-gcc 1.1.1 259.11 OK
r-devel-windows-ix86+x86_64 1.1.1 248.00 93.00 341.00 OK
r-devel-windows-ix86+x86_64-gcc8 1.1.1 265.00 104.00 369.00 OK
r-patched-linux-x86_64 1.1.1 119.37 44.64 164.01 OK
r-patched-solaris-x86 1.1.1 234.40 OK
r-release-linux-x86_64 1.1.1 124.07 41.72 165.79 OK
r-release-windows-ix86+x86_64 1.1.1 367.00 126.00 493.00 OK
r-release-osx-x86_64 1.1.1 OK
r-oldrel-windows-ix86+x86_64 1.1.1 303.00 113.00 416.00 OK
r-oldrel-osx-x86_64 1.1.1 OK

Check Details

Version: 1.1.1
Check: installed package size
Result: NOTE
     installed size is 7.6Mb
     sub-directories of 1Mb or more:
     libs 7.5Mb
Flavor: r-devel-linux-x86_64-fedora-clang