CRAN Package Check Results for Package lpint

Last updated on 2020-07-06 21:50:30 CEST.

Flavor Version Tinstall Tcheck Ttotal Status Flags
r-devel-linux-x86_64-debian-clang 2.0 2.02 21.67 23.69 NOTE
r-devel-linux-x86_64-debian-gcc 2.0 1.67 16.85 18.52 NOTE
r-devel-linux-x86_64-fedora-clang 2.0 37.32 NOTE
r-devel-linux-x86_64-fedora-gcc 2.0 27.88 NOTE
r-devel-windows-ix86+x86_64 2.0 6.00 31.00 37.00 NOTE
r-patched-linux-x86_64 2.0 2.13 21.74 23.87 NOTE
r-patched-solaris-x86 2.0 43.70 NOTE
r-release-linux-x86_64 2.0 1.89 21.45 23.34 NOTE
r-release-osx-x86_64 2.0 NOTE
r-release-windows-ix86+x86_64 2.0 4.00 32.00 36.00 NOTE
r-oldrel-osx-x86_64 2.0 NOTE
r-oldrel-windows-ix86+x86_64 2.0 4.00 36.00 40.00 NOTE

Check Details

Version: 2.0
Check: DESCRIPTION meta-information
Result: NOTE
    Malformed Description field: should contain one or more complete sentences.
Flavors: r-devel-linux-x86_64-debian-clang, r-devel-linux-x86_64-debian-gcc, r-devel-linux-x86_64-fedora-clang, r-devel-linux-x86_64-fedora-gcc, r-devel-windows-ix86+x86_64, r-patched-linux-x86_64, r-patched-solaris-x86, r-release-linux-x86_64, r-release-osx-x86_64, r-release-windows-ix86+x86_64, r-oldrel-osx-x86_64, r-oldrel-windows-ix86+x86_64

Version: 2.0
Check: R code for possible problems
Result: NOTE
    lpint : <anonymous>: no visible global function definition for
     'integrate'
    lpint: no visible global function definition for 'integrate'
    lpint : lpint : <anonymous>: no visible global function definition for
     'integrate'
    lplikint : lplikint.fun : <anonymous>: no visible global function
     definition for 'integrate'
    Undefined global functions or variables:
     integrate
    Consider adding
     importFrom("stats", "integrate")
    to your NAMESPACE file.
Flavors: r-devel-linux-x86_64-debian-clang, r-devel-linux-x86_64-debian-gcc, r-devel-linux-x86_64-fedora-clang, r-devel-linux-x86_64-fedora-gcc, r-devel-windows-ix86+x86_64, r-patched-linux-x86_64, r-patched-solaris-x86, r-release-linux-x86_64, r-release-osx-x86_64, r-release-windows-ix86+x86_64, r-oldrel-osx-x86_64, r-oldrel-windows-ix86+x86_64