CRAN Package Check Results for Package lpint

Last updated on 2020-02-21 17:47:50 CET.

Flavor Version Tinstall Tcheck Ttotal Status Flags
r-devel-linux-x86_64-debian-clang 2.0 2.04 20.54 22.58 NOTE
r-devel-linux-x86_64-debian-gcc 2.0 1.71 15.95 17.66 NOTE
r-devel-linux-x86_64-fedora-clang 2.0 28.89 NOTE
r-devel-linux-x86_64-fedora-gcc 2.0 28.12 NOTE
r-devel-windows-ix86+x86_64 2.0 5.00 30.00 35.00 NOTE
r-devel-windows-ix86+x86_64-gcc8 2.0 6.00 42.00 48.00 NOTE
r-patched-linux-x86_64 2.0 1.72 18.81 20.53 NOTE
r-patched-solaris-x86 2.0 39.10 NOTE
r-release-linux-x86_64 2.0 1.50 18.74 20.24 NOTE
r-release-windows-ix86+x86_64 2.0 4.00 36.00 40.00 NOTE
r-release-osx-x86_64 2.0 NOTE
r-oldrel-windows-ix86+x86_64 2.0 3.00 27.00 30.00 NOTE
r-oldrel-osx-x86_64 2.0 NOTE

Check Details

Version: 2.0
Check: DESCRIPTION meta-information
Result: NOTE
    Malformed Description field: should contain one or more complete sentences.
Flavors: r-devel-linux-x86_64-debian-clang, r-devel-linux-x86_64-debian-gcc, r-devel-linux-x86_64-fedora-clang, r-devel-linux-x86_64-fedora-gcc, r-devel-windows-ix86+x86_64, r-devel-windows-ix86+x86_64-gcc8, r-patched-linux-x86_64, r-patched-solaris-x86, r-release-linux-x86_64, r-release-windows-ix86+x86_64, r-release-osx-x86_64, r-oldrel-windows-ix86+x86_64, r-oldrel-osx-x86_64

Version: 2.0
Check: R code for possible problems
Result: NOTE
    lpint : <anonymous>: no visible global function definition for
     'integrate'
    lpint: no visible global function definition for 'integrate'
    lpint : lpint : <anonymous>: no visible global function definition for
     'integrate'
    lplikint : lplikint.fun : <anonymous>: no visible global function
     definition for 'integrate'
    Undefined global functions or variables:
     integrate
    Consider adding
     importFrom("stats", "integrate")
    to your NAMESPACE file.
Flavors: r-devel-linux-x86_64-debian-clang, r-devel-linux-x86_64-debian-gcc, r-devel-linux-x86_64-fedora-clang, r-devel-linux-x86_64-fedora-gcc, r-devel-windows-ix86+x86_64, r-devel-windows-ix86+x86_64-gcc8, r-patched-linux-x86_64, r-patched-solaris-x86, r-release-linux-x86_64, r-release-windows-ix86+x86_64, r-release-osx-x86_64, r-oldrel-windows-ix86+x86_64, r-oldrel-osx-x86_64