CRAN Package Check Results for Package longitudinalcascade

Last updated on 2021-04-15 09:50:04 CEST.

Flavor Version Tinstall Tcheck Ttotal Status Flags
r-devel-linux-x86_64-debian-clang 0.3.2.1 13.73 112.45 126.18 OK
r-devel-linux-x86_64-debian-gcc 0.3.2.1 10.45 86.03 96.48 OK
r-devel-linux-x86_64-fedora-clang 0.3.2.1 159.70 OK
r-devel-linux-x86_64-fedora-gcc 0.3.2.1 147.92 OK
r-devel-windows-ix86+x86_64 0.3.2.1 29.00 5.00 34.00 ERROR
r-devel-windows-x86_64-gcc10-UCRT 0.3.2.1 OK
r-patched-linux-x86_64 0.3.2.1 12.55 103.16 115.71 OK
r-patched-solaris-x86 0.3.2.1 212.70 OK
r-release-linux-x86_64 0.3.2.1 11.00 102.17 113.17 OK
r-release-macos-x86_64 0.3.2.1 OK
r-release-windows-ix86+x86_64 0.3.2.1 29.00 130.00 159.00 OK
r-oldrel-macos-x86_64 0.3.2.1 OK
r-oldrel-windows-ix86+x86_64 0.3.2.1 19.00 93.00 112.00 OK

Check Details

Version: 0.3.2.1
Check: whether package can be installed
Result: ERROR
    
    *
Flavor: r-devel-windows-ix86+x86_64