CRAN Package Check Results for Package longCatEDA

Last updated on 2021-04-15 09:50:04 CEST.

Flavor Version Tinstall Tcheck Ttotal Status Flags
r-devel-linux-x86_64-debian-clang 0.31 3.23 34.48 37.71 OK
r-devel-linux-x86_64-debian-gcc 0.31 2.47 26.95 29.42 OK
r-devel-linux-x86_64-fedora-clang 0.31 55.77 OK
r-devel-linux-x86_64-fedora-gcc 0.31 45.27 OK
r-devel-windows-ix86+x86_64 0.31 6.00 5.00 11.00 ERROR
r-devel-windows-x86_64-gcc10-UCRT 0.31 OK
r-patched-linux-x86_64 0.31 3.29 32.93 36.22 OK
r-patched-solaris-x86 0.31 63.90 OK
r-release-linux-x86_64 0.31 2.72 32.92 35.64 OK
r-release-macos-x86_64 0.31 OK
r-release-windows-ix86+x86_64 0.31 5.00 51.00 56.00 OK
r-oldrel-macos-x86_64 0.31 OK
r-oldrel-windows-ix86+x86_64 0.31 5.00 37.00 42.00 OK

Check Details

Version: 0.31
Check: whether package can be installed
Result: ERROR
    Installation failed.
    See *
Flavor: r-devel-windows-ix86+x86_64