CRAN Package Check Results for Package lolog

Last updated on 2021-04-15 09:50:04 CEST.

Flavor Version Tinstall Tcheck Ttotal Status Flags
r-devel-linux-x86_64-debian-clang 1.2 203.15 711.20 914.35 OK
r-devel-linux-x86_64-debian-gcc 1.2 142.81 534.57 677.38 WARN
r-devel-linux-x86_64-fedora-clang 1.2 1146.05 NOTE
r-devel-linux-x86_64-fedora-gcc 1.2 1120.69 WARN
r-devel-windows-ix86+x86_64 1.2 440.00 274.00 714.00 WARN --no-vignettes
r-devel-windows-x86_64-gcc10-UCRT 1.2 WARN
r-patched-linux-x86_64 1.2 174.68 730.45 905.13 WARN
r-patched-solaris-x86 1.2 1287.00 OK
r-release-linux-x86_64 1.2 176.66 759.23 935.89 WARN
r-release-macos-x86_64 1.2 NOTE
r-oldrel-macos-x86_64 1.2 NOTE
r-oldrel-windows-ix86+x86_64 1.2 331.00 205.00 536.00 NOTE --no-vignettes

Check Details

Version: 1.2
Check: whether package can be installed
Result: WARN
    Found the following significant warnings:
     /home/hornik/tmp/R.check/r-devel-gcc/Work/build/Packages/BH/include/boost/container/detail/copy_move_algo.hpp:183:19: warning: ‘void* memmove(void*, const void*, size_t)’ writing to an object of type ‘value_type’ {aka ‘struct boost::container::dtl::pair<int, int>’} with no trivial copy-assignment; use copy-assignment or copy-initialization instead [-Wclass-memaccess]
     /home/hornik/tmp/R.check/r-devel-gcc/Work/build/Packages/BH/include/boost/container/detail/copy_move_algo.hpp:197:19: warning: ‘void* memmove(void*, const void*, size_t)’ writing to an object of type ‘boost::movelib::detail::iterator_to_element_ptr<boost::container::dtl::pair<int, int>*>::element_type’ {aka ‘struct boost::container::dtl::pair<int, int>’} with no trivial copy-assignment; use copy-assignment or copy-initialization instead [-Wclass-memaccess]
     /home/hornik/tmp/R.check/r-devel-gcc/Work/build/Packages/BH/include/boost/container/detail/copy_move_algo.hpp:909:19: warning: ‘void* memmove(void*, const void*, size_t)’ writing to an object of type ‘boost::movelib::detail::iterator_to_element_ptr<boost::container::dtl::pair<int, int>*>::element_type’ {aka ‘struct boost::container::dtl::pair<int, int>’} with no trivial copy-assignment; use copy-assignment or copy-initialization instead [-Wclass-memaccess]
Flavor: r-devel-linux-x86_64-debian-gcc

Version: 1.2
Check: installed package size
Result: NOTE
     installed size is 28.0Mb
     sub-directories of 1Mb or more:
     libs 26.3Mb
Flavors: r-devel-linux-x86_64-fedora-clang, r-release-macos-x86_64, r-oldrel-macos-x86_64

Version: 1.2
Check: whether package can be installed
Result: WARN
    Found the following significant warnings:
     /data/gannet/ripley/R/test-4.1/BH/include/boost/container/detail/copy_move_algo.hpp:183:19: warning: ‘void* memmove(void*, const void*, size_t)’ writing to an object of type ‘value_type’ {aka ‘struct boost::container::dtl::pair<int, int>’} with no trivial copy-assignment; use copy-assignment or copy-initialization instead [-Wclass-memaccess]
     /data/gannet/ripley/R/test-4.1/BH/include/boost/container/detail/copy_move_algo.hpp:197:19: warning: ‘void* memmove(void*, const void*, size_t)’ writing to an object of type ‘boost::movelib::detail::iterator_to_element_ptr<boost::container::dtl::pair<int, int>*>::element_type’ {aka ‘struct boost::container::dtl::pair<int, int>’} with no trivial copy-assignment; use copy-assignment or copy-initialization instead [-Wclass-memaccess]
     /data/gannet/ripley/R/test-4.1/BH/include/boost/container/detail/copy_move_algo.hpp:909:19: warning: ‘void* memmove(void*, const void*, size_t)’ writing to an object of type ‘boost::movelib::detail::iterator_to_element_ptr<boost::container::dtl::pair<int, int>*>::element_type’ {aka ‘struct boost::container::dtl::pair<int, int>’} with no trivial copy-assignment; use copy-assignment or copy-initialization instead [-Wclass-memaccess]
Flavor: r-devel-linux-x86_64-fedora-gcc

Version: 1.2
Flags: --no-vignettes
Check: whether package can be installed
Result: WARN
    Found the following significant warnings:
     d:/RCompile/CRANpkg/lib/4.1/BH/include/boost/container/detail/copy_move_algo.hpp:183:19: warning: 'void* memmove(void*, const void*, size_t)' writing to an object of type 'value_type' {aka 'struct boost::container::dtl::pair<int, int>'} with no trivial copy-assignment; use copy-assignment or copy-initialization instead [-Wclass-memaccess]
     d:/RCompile/CRANpkg/lib/4.1/BH/include/boost/container/detail/copy_move_algo.hpp:197:19: warning: 'void* memmove(void*, const void*, size_t)' writing to an object of type 'boost::movelib::detail::iterator_to_element_ptr<boost::container::dtl::pair<int, int>*>::element_type' {aka 'struct boost::container::dtl::pair<int, int>'} with no trivial copy-assignment; use copy-assignment or copy-initialization instead [-Wclass-memaccess]
     d:/RCompile/CRANpkg/lib/4.1/BH/include/boost/container/detail/copy_move_algo.hpp:909:19: warning: 'void* memmove(void*, const void*, size_t)' writing to an object of type 'boost::movelib::detail::iterator_to_element_ptr<boost::container::dtl::pair<int, int>*>::element_type' {aka 'struct boost::container::dtl::pair<int, int>'} with no trivial copy-assignment; use copy-assignment or copy-initialization instead [-Wclass-memaccess]
Flavor: r-devel-windows-ix86+x86_64

Version: 1.2
Flags: --no-vignettes
Check: installed package size
Result: NOTE
     installed size is 6.3Mb
     sub-directories of 1Mb or more:
     libs 4.7Mb
Flavors: r-devel-windows-ix86+x86_64, r-oldrel-windows-ix86+x86_64

Version: 1.2
Check: whether package can be installed
Result: WARN
    Found the following significant warnings:
     C:/msys64/home/tomas/ucrt3/svn/ucrt3/r_packages/pkgcheck/lib/BH/include/boost/container/detail/copy_move_algo.hpp:183:19: warning: 'void* memmove(void*, const void*, size_t)' writing to an object of type 'value_type' {aka 'struct boost::container::dtl::pair<int, int>'} with no trivial copy-assignment; use copy-assignment or copy-initialization instead [-Wclass-memaccess]
     C:/msys64/home/tomas/ucrt3/svn/ucrt3/r_packages/pkgcheck/lib/BH/include/boost/container/detail/copy_move_algo.hpp:197:19: warning: 'void* memmove(void*, const void*, size_t)' writing to an object of type 'boost::movelib::detail::iterator_to_element_ptr<boost::container::dtl::pair<int, int>*>::element_type' {aka 'struct boost::container::dtl::pair<int, int>'} with no trivial copy-assignment; use copy-assignment or copy-initialization instead [-Wclass-memaccess]
     C:/msys64/home/tomas/ucrt3/svn/ucrt3/r_packages/pkgcheck/lib/BH/include/boost/container/detail/copy_move_algo.hpp:909:19: warning: 'void* memmove(void*, const void*, size_t)' writing to an object of type 'boost::movelib::detail::iterator_to_element_ptr<boost::container::dtl::pair<int, int>*>::element_type' {aka 'struct boost::container::dtl::pair<int, int>'} with no trivial copy-assignment; use copy-assignment or copy-initialization instead [-Wclass-memaccess]
Flavor: r-devel-windows-x86_64-gcc10-UCRT

Version: 1.2
Check: whether package can be installed
Result: WARN
    Found the following significant warnings:
     /home/hornik/tmp/R.check/r-patched-gcc/Work/build/Packages/BH/include/boost/container/detail/copy_move_algo.hpp:183:19: warning: ‘void* memmove(void*, const void*, size_t)’ writing to an object of type ‘value_type’ {aka ‘struct boost::container::dtl::pair<int, int>’} with no trivial copy-assignment; use copy-assignment or copy-initialization instead [-Wclass-memaccess]
     /home/hornik/tmp/R.check/r-patched-gcc/Work/build/Packages/BH/include/boost/container/detail/copy_move_algo.hpp:197:19: warning: ‘void* memmove(void*, const void*, size_t)’ writing to an object of type ‘boost::movelib::detail::iterator_to_element_ptr<boost::container::dtl::pair<int, int>*>::element_type’ {aka ‘struct boost::container::dtl::pair<int, int>’} with no trivial copy-assignment; use copy-assignment or copy-initialization instead [-Wclass-memaccess]
     /home/hornik/tmp/R.check/r-patched-gcc/Work/build/Packages/BH/include/boost/container/detail/copy_move_algo.hpp:909:19: warning: ‘void* memmove(void*, const void*, size_t)’ writing to an object of type ‘boost::movelib::detail::iterator_to_element_ptr<boost::container::dtl::pair<int, int>*>::element_type’ {aka ‘struct boost::container::dtl::pair<int, int>’} with no trivial copy-assignment; use copy-assignment or copy-initialization instead [-Wclass-memaccess]
Flavor: r-patched-linux-x86_64

Version: 1.2
Check: whether package can be installed
Result: WARN
    Found the following significant warnings:
     /home/hornik/tmp/R.check/r-release-gcc/Work/build/Packages/BH/include/boost/container/detail/copy_move_algo.hpp:183:19: warning: ‘void* memmove(void*, const void*, size_t)’ writing to an object of type ‘value_type’ {aka ‘struct boost::container::dtl::pair<int, int>’} with no trivial copy-assignment; use copy-assignment or copy-initialization instead [-Wclass-memaccess]
     /home/hornik/tmp/R.check/r-release-gcc/Work/build/Packages/BH/include/boost/container/detail/copy_move_algo.hpp:197:19: warning: ‘void* memmove(void*, const void*, size_t)’ writing to an object of type ‘boost::movelib::detail::iterator_to_element_ptr<boost::container::dtl::pair<int, int>*>::element_type’ {aka ‘struct boost::container::dtl::pair<int, int>’} with no trivial copy-assignment; use copy-assignment or copy-initialization instead [-Wclass-memaccess]
     /home/hornik/tmp/R.check/r-release-gcc/Work/build/Packages/BH/include/boost/container/detail/copy_move_algo.hpp:909:19: warning: ‘void* memmove(void*, const void*, size_t)’ writing to an object of type ‘boost::movelib::detail::iterator_to_element_ptr<boost::container::dtl::pair<int, int>*>::element_type’ {aka ‘struct boost::container::dtl::pair<int, int>’} with no trivial copy-assignment; use copy-assignment or copy-initialization instead [-Wclass-memaccess]
Flavor: r-release-linux-x86_64