CRAN Package Check Results for Package lognorm

Last updated on 2021-06-22 09:51:41 CEST.

Flavor Version Tinstall Tcheck Ttotal Status Flags
r-devel-linux-x86_64-debian-clang 0.1.9 8.47 88.48 96.95 NOTE
r-devel-linux-x86_64-debian-gcc 0.1.9 6.25 66.77 73.02 NOTE
r-devel-linux-x86_64-fedora-clang 0.1.9 121.48 NOTE
r-devel-linux-x86_64-fedora-gcc 0.1.9 112.27 NOTE
r-devel-windows-x86_64 0.1.9 11.00 83.00 94.00 NOTE
r-devel-windows-x86_64-gcc10-UCRT 0.1.9 NOTE
r-patched-linux-x86_64 0.1.9 8.21 83.97 92.18 NOTE
r-patched-solaris-x86 0.1.9 160.60 NOTE
r-release-linux-x86_64 0.1.9 6.12 83.44 89.56 NOTE
r-release-macos-arm64 0.1.9 NOTE
r-release-macos-x86_64 0.1.9 NOTE
r-release-windows-ix86+x86_64 0.1.9 17.00 110.00 127.00 NOTE
r-oldrel-macos-x86_64 0.1.9 OK

Check Details

Version: 0.1.9
Check: LazyData
Result: NOTE
     'LazyData' is specified without a 'data' directory
Flavors: r-devel-linux-x86_64-debian-clang, r-devel-linux-x86_64-debian-gcc, r-devel-linux-x86_64-fedora-clang, r-devel-linux-x86_64-fedora-gcc, r-devel-windows-x86_64, r-devel-windows-x86_64-gcc10-UCRT, r-patched-linux-x86_64, r-patched-solaris-x86, r-release-linux-x86_64, r-release-macos-arm64, r-release-macos-x86_64, r-release-windows-ix86+x86_64