CRAN Package Check Results for Package logisticRR

Last updated on 2021-06-20 09:49:54 CEST.

Flavor Version Tinstall Tcheck Ttotal Status Flags
r-devel-linux-x86_64-debian-clang 0.3.0 3.30 50.57 53.87 NOTE
r-devel-linux-x86_64-debian-gcc 0.3.0 3.06 36.63 39.69 NOTE
r-devel-linux-x86_64-fedora-clang 0.3.0 71.57 NOTE
r-devel-linux-x86_64-fedora-gcc 0.3.0 61.91 NOTE
r-devel-windows-x86_64 0.3.0 6.00 54.00 60.00 NOTE
r-devel-windows-x86_64-gcc10-UCRT 0.3.0 NOTE
r-patched-linux-x86_64 0.3.0 3.00 48.04 51.04 NOTE
r-patched-solaris-x86 0.3.0 85.50 NOTE
r-release-linux-x86_64 0.3.0 3.28 47.99 51.27 NOTE
r-release-macos-arm64 0.3.0 NOTE
r-release-macos-x86_64 0.3.0 NOTE
r-release-windows-ix86+x86_64 0.3.0 8.00 69.00 77.00 NOTE
r-oldrel-macos-x86_64 0.3.0 OK
r-oldrel-windows-ix86+x86_64 0.3.0 6.00 67.00 73.00 OK

Check Details

Version: 0.3.0
Check: LazyData
Result: NOTE
     'LazyData' is specified without a 'data' directory
Flavors: r-devel-linux-x86_64-debian-clang, r-devel-linux-x86_64-debian-gcc, r-devel-linux-x86_64-fedora-clang, r-devel-linux-x86_64-fedora-gcc, r-devel-windows-x86_64, r-devel-windows-x86_64-gcc10-UCRT, r-patched-linux-x86_64, r-patched-solaris-x86, r-release-linux-x86_64, r-release-macos-arm64, r-release-macos-x86_64, r-release-windows-ix86+x86_64