CRAN Package Check Results for Package logisticPCA

Last updated on 2021-06-16 09:53:27 CEST.

Flavor Version Tinstall Tcheck Ttotal Status Flags
r-devel-linux-x86_64-debian-clang 0.2 3.68 57.65 61.33 OK
r-devel-linux-x86_64-debian-gcc 0.2 3.10 43.16 46.26 OK
r-devel-linux-x86_64-fedora-clang 0.2 81.49 NOTE
r-devel-linux-x86_64-fedora-gcc 0.2 73.00 NOTE
r-devel-windows-x86_64 0.2 7.00 81.00 88.00 OK
r-devel-windows-x86_64-gcc10-UCRT 0.2 OK
r-patched-linux-x86_64 0.2 3.70 54.07 57.77 OK
r-patched-solaris-x86 0.2 112.70 OK
r-release-linux-x86_64 0.2 3.70 55.06 58.76 OK
r-release-macos-arm64 0.2 OK
r-release-macos-x86_64 0.2 OK
r-release-windows-ix86+x86_64 0.2 8.00 96.00 104.00 OK
r-oldrel-macos-x86_64 0.2 OK
r-oldrel-windows-ix86+x86_64 0.2 16.00 95.00 111.00 OK

Check Details

Version: 0.2
Check: compiled code
Result: NOTE
    File ‘logisticPCA/libs/logisticPCA.so’:
     Found no calls to: ‘R_registerRoutines’, ‘R_useDynamicSymbols’
    
    It is good practice to register native routines and to disable symbol
    search.
    
    See ‘Writing portable packages’ in the ‘Writing R Extensions’ manual.
Flavors: r-devel-linux-x86_64-fedora-clang, r-devel-linux-x86_64-fedora-gcc