CRAN Package Check Results for Package logistic4p

Last updated on 2021-04-15 09:50:04 CEST.

Flavor Version Tinstall Tcheck Ttotal Status Flags
r-devel-linux-x86_64-debian-clang 1.5 2.83 25.02 27.85 OK
r-devel-linux-x86_64-debian-gcc 1.5 2.23 19.70 21.93 OK
r-devel-linux-x86_64-fedora-clang 1.5 43.80 OK
r-devel-linux-x86_64-fedora-gcc 1.5 33.29 OK
r-devel-windows-ix86+x86_64 1.5 6.00 5.00 11.00 ERROR
r-devel-windows-x86_64-gcc10-UCRT 1.5 OK
r-patched-linux-x86_64 1.5 2.20 23.77 25.97 OK
r-patched-solaris-x86 1.5 49.40 OK
r-release-linux-x86_64 1.5 2.61 23.84 26.45 OK
r-release-macos-x86_64 1.5 OK
r-release-windows-ix86+x86_64 1.5 5.00 43.00 48.00 OK
r-oldrel-macos-x86_64 1.5 OK
r-oldrel-windows-ix86+x86_64 1.5 5.00 30.00 35.00 OK

Check Details

Version: 1.5
Check: whether package can be installed
Result: ERROR
    Installation failed.
    See * DONE
Flavor: r-devel-windows-ix86+x86_64