CRAN Package Check Results for Package logKDE

Last updated on 2021-06-20 09:49:54 CEST.

Flavor Version Tinstall Tcheck Ttotal Status Flags
r-devel-linux-x86_64-debian-clang 0.3.2 19.37 62.12 81.49 NOTE
r-devel-linux-x86_64-debian-gcc 0.3.2 11.96 48.18 60.14 NOTE
r-devel-linux-x86_64-fedora-clang 0.3.2 111.10 NOTE
r-devel-linux-x86_64-fedora-gcc 0.3.2 99.78 NOTE
r-devel-windows-x86_64 0.3.2 27.00 82.00 109.00 NOTE
r-devel-windows-x86_64-gcc10-UCRT 0.3.2 NOTE
r-patched-linux-x86_64 0.3.2 15.63 61.66 77.29 NOTE
r-patched-solaris-x86 0.3.2 137.40 NOTE
r-release-linux-x86_64 0.3.2 15.66 60.94 76.60 NOTE
r-release-macos-arm64 0.3.2 NOTE
r-release-macos-x86_64 0.3.2 NOTE
r-release-windows-ix86+x86_64 0.3.2 47.00 147.00 194.00 NOTE
r-oldrel-macos-x86_64 0.3.2 OK
r-oldrel-windows-ix86+x86_64 0.3.2 38.00 159.00 197.00 OK

Check Details

Version: 0.3.2
Check: LazyData
Result: NOTE
     'LazyData' is specified without a 'data' directory
Flavors: r-devel-linux-x86_64-debian-clang, r-devel-linux-x86_64-debian-gcc, r-devel-linux-x86_64-fedora-clang, r-devel-linux-x86_64-fedora-gcc, r-devel-windows-x86_64, r-devel-windows-x86_64-gcc10-UCRT, r-patched-linux-x86_64, r-patched-solaris-x86, r-release-linux-x86_64, r-release-macos-arm64, r-release-macos-x86_64, r-release-windows-ix86+x86_64