CRAN Package Check Results for Package loe

Last updated on 2021-04-15 09:50:04 CEST.

Flavor Version Tinstall Tcheck Ttotal Status Flags
r-devel-linux-x86_64-debian-clang 1.1 3.62 29.84 33.46 OK
r-devel-linux-x86_64-debian-gcc 1.1 2.62 23.12 25.74 OK
r-devel-linux-x86_64-fedora-clang 1.1 50.88 NOTE
r-devel-linux-x86_64-fedora-gcc 1.1 39.67 NOTE
r-devel-windows-ix86+x86_64 1.1 9.00 5.00 14.00 ERROR
r-devel-windows-x86_64-gcc10-UCRT 1.1 OK
r-patched-linux-x86_64 1.1 3.13 28.90 32.03 OK
r-patched-solaris-x86 1.1 64.00 OK
r-release-linux-x86_64 1.1 3.34 28.36 31.70 OK
r-release-macos-x86_64 1.1 OK
r-release-windows-ix86+x86_64 1.1 8.00 63.00 71.00 OK
r-oldrel-macos-x86_64 1.1 OK
r-oldrel-windows-ix86+x86_64 1.1 9.00 46.00 55.00 OK

Check Details

Version: 1.1
Check: compiled code
Result: NOTE
    File ‘loe/libs/loe.so’:
     Found no calls to: ‘R_registerRoutines’, ‘R_useDynamicSymbols’
    
    It is good practice to register native routines and to disable symbol
    search.
    
    See ‘Writing portable packages’ in the ‘Writing R Extensions’ manual.
Flavors: r-devel-linux-x86_64-fedora-clang, r-devel-linux-x86_64-fedora-gcc

Version: 1.1
Check: whether package can be installed
Result: ERROR
    Installation failed.
Flavor: r-devel-windows-ix86+x86_64