CRAN Package Check Results for Package lodi

Last updated on 2021-04-15 09:50:04 CEST.

Flavor Version Tinstall Tcheck Ttotal Status Flags
r-devel-linux-x86_64-debian-clang 0.9.2 2.34 27.71 30.05 OK
r-devel-linux-x86_64-debian-gcc 0.9.2 1.70 21.74 23.44 OK
r-devel-linux-x86_64-fedora-clang 0.9.2 46.55 OK
r-devel-linux-x86_64-fedora-gcc 0.9.2 36.49 OK
r-devel-windows-ix86+x86_64 0.9.2 8.00 6.00 14.00 ERROR
r-devel-windows-x86_64-gcc10-UCRT 0.9.2 OK
r-patched-linux-x86_64 0.9.2 2.33 27.13 29.46 OK
r-patched-solaris-x86 0.9.2 55.80 OK
r-release-linux-x86_64 0.9.2 2.31 27.26 29.57 OK
r-release-macos-x86_64 0.9.2 OK
r-release-windows-ix86+x86_64 0.9.2 5.00 44.00 49.00 OK
r-oldrel-macos-x86_64 0.9.2 OK
r-oldrel-windows-ix86+x86_64 0.9.2 4.00 33.00 37.00 OK

Check Details

Version: 0.9.2
Check: whether package can be installed
Result: ERROR
    Installation failed.
    See *
Flavor: r-devel-windows-ix86+x86_64