CRAN Package Check Results for Package localgauss

Last updated on 2021-04-15 09:50:04 CEST.

Flavor Version Tinstall Tcheck Ttotal Status Flags
r-devel-linux-x86_64-debian-clang 0.40 4.66 24.79 29.45 OK
r-devel-linux-x86_64-debian-gcc 0.40 3.81 20.11 23.92 OK
r-devel-linux-x86_64-fedora-clang 0.40 46.66 NOTE
r-devel-linux-x86_64-fedora-gcc 0.40 36.33 NOTE
r-devel-windows-ix86+x86_64 0.40 17.00 5.00 22.00 ERROR
r-devel-windows-x86_64-gcc10-UCRT 0.40 OK
r-patched-linux-x86_64 0.40 4.59 24.51 29.10 OK
r-patched-solaris-x86 0.40 60.40 OK
r-release-linux-x86_64 0.40 4.58 24.33 28.91 OK
r-release-macos-x86_64 0.40 OK
r-release-windows-ix86+x86_64 0.40 12.00 60.00 72.00 OK
r-oldrel-macos-x86_64 0.40 OK
r-oldrel-windows-ix86+x86_64 0.40 15.00 43.00 58.00 OK

Check Details

Version: 0.40
Check: compiled code
Result: NOTE
    File ‘localgauss/libs/localgauss.so’:
     Found no calls to: ‘R_registerRoutines’, ‘R_useDynamicSymbols’
    
    It is good practice to register native routines and to disable symbol
    search.
    
    See ‘Writing portable packages’ in the ‘Writing R Extensions’ manual.
Flavors: r-devel-linux-x86_64-fedora-clang, r-devel-linux-x86_64-fedora-gcc

Version: 0.40
Check: whether package can be installed
Result: ERROR
    Installation failed.
    See *
Flavor: r-devel-windows-ix86+x86_64