CRAN Package Check Results for Package localIV

Last updated on 2021-04-15 09:50:04 CEST.

Flavor Version Tinstall Tcheck Ttotal Status Flags
r-devel-linux-x86_64-debian-clang 0.3.1 2.67 44.25 46.92 OK
r-devel-linux-x86_64-debian-gcc 0.3.1 2.18 35.45 37.63 OK
r-devel-linux-x86_64-fedora-clang 0.3.1 67.56 OK
r-devel-linux-x86_64-fedora-gcc 0.3.1 55.91 OK
r-devel-windows-ix86+x86_64 0.3.1 8.00 5.00 13.00 ERROR
r-devel-windows-x86_64-gcc10-UCRT 0.3.1 OK
r-patched-linux-x86_64 0.3.1 2.88 43.82 46.70 OK
r-patched-solaris-x86 0.3.1 87.70 OK
r-release-linux-x86_64 0.3.1 2.64 43.76 46.40 OK
r-release-macos-x86_64 0.3.1 OK
r-release-windows-ix86+x86_64 0.3.1 8.00 65.00 73.00 OK
r-oldrel-macos-x86_64 0.3.1 OK
r-oldrel-windows-ix86+x86_64 0.3.1 4.00 52.00 56.00 OK

Check Details

Version: 0.3.1
Check: whether package can be installed
Result: ERROR
    
    See * DONE
Flavor: r-devel-windows-ix86+x86_64