CRAN Package Check Results for Package lmomco

Last updated on 2021-04-15 09:50:04 CEST.

Flavor Version Tinstall Tcheck Ttotal Status Flags
r-devel-linux-x86_64-debian-clang 2.3.6 27.88 170.03 197.91 OK
r-devel-linux-x86_64-debian-gcc 2.3.6 22.83 128.13 150.96 OK
r-devel-linux-x86_64-fedora-clang 2.3.6 246.69 OK
r-devel-linux-x86_64-fedora-gcc 2.3.6 232.50 OK
r-devel-windows-ix86+x86_64 2.3.6 45.00 4.00 49.00 ERROR
r-devel-windows-x86_64-gcc10-UCRT 2.3.6 OK
r-patched-linux-x86_64 2.3.6 27.37 156.73 184.10 OK
r-patched-solaris-x86 2.3.6 262.10 OK
r-release-linux-x86_64 2.3.6 25.16 155.44 180.60 OK
r-release-macos-x86_64 2.3.6 OK
r-release-windows-ix86+x86_64 2.3.6 44.00 214.00 258.00 OK
r-oldrel-macos-x86_64 2.3.6 OK
r-oldrel-windows-ix86+x86_64 2.3.6 41.00 148.00 189.00 OK

Check Details

Version: 2.3.6
Check: whether package can be installed
Result: ERROR
    Installation failed.
    See for details.
    *
Flavor: r-devel-windows-ix86+x86_64