CRAN Package Check Results for Package lmmpar

Last updated on 2020-03-30 20:48:32 CEST.

Flavor Version Tinstall Tcheck Ttotal Status Flags
r-devel-linux-x86_64-debian-clang 0.1.0 1.92 30.57 32.49 OK
r-devel-linux-x86_64-debian-gcc 0.1.0 1.63 23.14 24.77 OK
r-devel-linux-x86_64-fedora-clang 0.1.0 37.93 NOTE
r-devel-linux-x86_64-fedora-gcc 0.1.0 37.98 NOTE
r-devel-windows-ix86+x86_64 0.1.0 5.00 46.00 51.00 OK
r-devel-windows-ix86+x86_64-gcc8 0.1.0 6.00 47.00 53.00 OK
r-patched-linux-x86_64 0.1.0 1.88 28.84 30.72 OK
r-patched-solaris-x86 0.1.0 59.30 NOTE
r-release-linux-x86_64 0.1.0 1.54 26.62 28.16 OK
r-release-windows-ix86+x86_64 0.1.0 5.00 63.00 68.00 OK
r-release-osx-x86_64 0.1.0 NOTE
r-oldrel-windows-ix86+x86_64 0.1.0 4.00 58.00 62.00 OK
r-oldrel-osx-x86_64 0.1.0 NOTE

Check Details

Version: 0.1.0
Check: dependencies in R code
Result: NOTE
    Namespace in Imports field not imported from: ‘mnormt’
     All declared Imports should be used.
Flavors: r-devel-linux-x86_64-fedora-clang, r-devel-linux-x86_64-fedora-gcc, r-patched-solaris-x86, r-release-osx-x86_64, r-oldrel-osx-x86_64