CRAN Package Check Results for Package lmmot

Last updated on 2021-04-15 09:50:04 CEST.

Flavor Version Tinstall Tcheck Ttotal Status Flags
r-devel-linux-x86_64-debian-clang 0.1.4 3.62 31.95 35.57 OK
r-devel-linux-x86_64-debian-gcc 0.1.4 2.70 24.72 27.42 OK
r-devel-linux-x86_64-fedora-clang 0.1.4 53.70 OK
r-devel-linux-x86_64-fedora-gcc 0.1.4 41.19 OK
r-devel-windows-ix86+x86_64 0.1.4 7.00 4.00 11.00 ERROR
r-devel-windows-x86_64-gcc10-UCRT 0.1.4 OK
r-patched-linux-x86_64 0.1.4 3.60 30.73 34.33 OK
r-patched-solaris-x86 0.1.4 64.20 OK
r-release-linux-x86_64 0.1.4 3.16 30.42 33.58 OK
r-release-macos-x86_64 0.1.4 OK
r-release-windows-ix86+x86_64 0.1.4 8.00 48.00 56.00 OK
r-oldrel-macos-x86_64 0.1.4 OK
r-oldrel-windows-ix86+x86_64 0.1.4 6.00 34.00 40.00 OK

Check Details

Version: 0.1.4
Check: whether package can be installed
Result: ERROR
    Installation failed.
Flavor: r-devel-windows-ix86+x86_64