CRAN Package Check Results for Package lmeInfo

Last updated on 2021-06-24 09:52:34 CEST.

Flavor Version Tinstall Tcheck Ttotal Status Flags
r-devel-linux-x86_64-debian-clang 0.1.3 3.25 135.60 138.85 OK
r-devel-linux-x86_64-debian-gcc 0.1.3 3.10 94.88 97.98 OK
r-devel-linux-x86_64-fedora-clang 0.1.3 165.43 OK
r-devel-linux-x86_64-fedora-gcc 0.1.3 165.80 OK
r-devel-windows-x86_64 0.1.3 5.00 120.00 125.00 OK
r-devel-windows-x86_64-gcc10-UCRT 0.1.3 NOTE
r-patched-linux-x86_64 0.1.3 3.41 126.84 130.25 OK
r-patched-solaris-x86 0.1.3 205.90 OK
r-release-linux-x86_64 0.1.3 3.71 125.98 129.69 OK
r-release-macos-arm64 0.1.3 OK
r-release-macos-x86_64 0.1.3 OK
r-release-windows-ix86+x86_64 0.1.3 7.00 119.00 126.00 OK
r-oldrel-macos-x86_64 0.1.3 OK

Check Details

Version: 0.1.3
Check: package dependencies
Result: NOTE
    Package suggested but not available for checking: 'covr'
Flavor: r-devel-windows-x86_64-gcc10-UCRT