CRAN Package Check Results for Package lmQCM

Last updated on 2020-03-30 20:48:32 CEST.

Flavor Version Tinstall Tcheck Ttotal Status Flags
r-devel-linux-x86_64-debian-clang 0.2.1 18.01 163.75 181.76 OK
r-devel-linux-x86_64-debian-gcc 0.2.1 16.04 126.88 142.92 OK
r-devel-linux-x86_64-fedora-clang 0.2.1 219.21 OK
r-devel-linux-x86_64-fedora-gcc 0.2.1 219.28 OK
r-devel-windows-ix86+x86_64 0.2.1 3.00 6.00 9.00 ERROR
r-devel-windows-ix86+x86_64-gcc8 0.2.1 4.00 6.00 10.00 ERROR
r-patched-linux-x86_64 0.2.1 19.67 157.53 177.20 OK
r-patched-solaris-x86 0.2.1 341.40 OK
r-release-linux-x86_64 0.2.1 15.08 141.16 156.24 OK
r-release-windows-ix86+x86_64 0.2.1 43.00 204.00 247.00 OK
r-release-osx-x86_64 0.2.1 OK
r-oldrel-windows-ix86+x86_64 0.2.1 27.00 200.00 227.00 OK
r-oldrel-osx-x86_64 0.2.1 OK

Check Details

Version: 0.2.1
Check: whether package can be installed
Result: ERROR
    Installation failed.
Flavors: r-devel-windows-ix86+x86_64, r-devel-windows-ix86+x86_64-gcc8